CRAN Package Check Results for Package BayesESS

Last updated on 2025-01-21 19:49:24 CET.

Flavor Version Tinstall Tcheck Ttotal Status Flags
r-devel-linux-x86_64-debian-clang 0.1.19 38.63 66.42 105.05 OK
r-devel-linux-x86_64-debian-gcc 0.1.19 25.60 51.60 77.20 OK
r-devel-linux-x86_64-fedora-clang 0.1.19 184.04 NOTE
r-devel-linux-x86_64-fedora-gcc 0.1.19 177.13 NOTE
r-devel-windows-x86_64 0.1.19 42.00 95.00 137.00 OK
r-patched-linux-x86_64 0.1.19 37.64 62.36 100.00 NOTE
r-release-linux-x86_64 0.1.19 36.59 62.71 99.30 NOTE
r-release-macos-arm64 0.1.19 50.00 NOTE
r-release-macos-x86_64 0.1.19 90.00 NOTE
r-release-windows-x86_64 0.1.19 39.00 91.00 130.00 NOTE
r-oldrel-macos-arm64 0.1.19 59.00 NOTE
r-oldrel-macos-x86_64 0.1.19 95.00 NOTE
r-oldrel-windows-x86_64 0.1.19 50.00 117.00 167.00 NOTE

Check Details

Version: 0.1.19
Check: dependencies in R code
Result: NOTE Namespaces in Imports field not imported from: ‘MASS’ ‘MatrixModels’ All declared Imports should be used. Flavors: r-devel-linux-x86_64-fedora-clang, r-devel-linux-x86_64-fedora-gcc

Version: 0.1.19
Check: LazyData
Result: NOTE 'LazyData' is specified without a 'data' directory Flavors: r-patched-linux-x86_64, r-release-linux-x86_64, r-release-macos-arm64, r-release-macos-x86_64, r-release-windows-x86_64, r-oldrel-macos-arm64, r-oldrel-macos-x86_64, r-oldrel-windows-x86_64