CRAN Package Check Results for Package BayesGWQS

Last updated on 2022-08-16 13:49:11 CEST.

Flavor Version Tinstall Tcheck Ttotal Status Flags
r-devel-linux-x86_64-debian-clang 0.1.1 2.39 27.44 29.83 OK
r-devel-linux-x86_64-debian-gcc 0.1.1 1.92 21.42 23.34 OK
r-devel-linux-x86_64-fedora-clang 0.1.1 47.28 NOTE
r-devel-linux-x86_64-fedora-gcc 0.1.1 47.24 NOTE
r-devel-windows-x86_64 0.1.1 12.00 55.00 67.00 OK
r-patched-linux-x86_64 0.1.1 2.69 26.31 29.00 OK
r-release-linux-x86_64 0.1.1 1.74 26.45 28.19 OK
r-release-macos-arm64 0.1.1 17.00 NOTE
r-release-macos-x86_64 0.1.1 26.00 NOTE
r-release-windows-x86_64 0.1.1 14.00 51.00 65.00 OK
r-oldrel-macos-arm64 0.1.1 17.00 NOTE
r-oldrel-macos-x86_64 0.1.1 26.00 NOTE
r-oldrel-windows-ix86+x86_64 0.1.1 6.00 52.00 58.00 OK

Check Details

Version: 0.1.1
Check: dependencies in R code
Result: NOTE
    Namespace in Imports field not imported from: ‘plyr’
     All declared Imports should be used.
Flavors: r-devel-linux-x86_64-fedora-clang, r-devel-linux-x86_64-fedora-gcc, r-release-macos-arm64, r-release-macos-x86_64, r-oldrel-macos-arm64, r-oldrel-macos-x86_64