CRAN Package Check Results for Package BayesLogit

Last updated on 2022-08-17 16:48:41 CEST.

Flavor Version Tinstall Tcheck Ttotal Status Flags
r-devel-linux-x86_64-debian-clang 2.1 8.90 26.79 35.69 NOTE
r-devel-linux-x86_64-debian-gcc 2.1 NOTE
r-devel-linux-x86_64-fedora-clang 2.1 56.05 NOTE
r-devel-linux-x86_64-fedora-gcc 2.1 55.14 NOTE
r-devel-windows-x86_64 2.1 37.00 60.00 97.00 NOTE
r-patched-linux-x86_64 2.1 7.83 25.58 33.41 OK
r-release-linux-x86_64 2.1 7.35 25.04 32.39 OK
r-release-macos-arm64 2.1 19.00 OK
r-release-macos-x86_64 2.1 26.00 OK
r-release-windows-x86_64 2.1 18.00 59.00 77.00 OK
r-oldrel-macos-arm64 2.1 26.00 OK
r-oldrel-macos-x86_64 2.1 33.00 OK
r-oldrel-windows-ix86+x86_64 2.1 28.00 45.00 73.00 OK

Check Details

Version: 2.1
Check: package subdirectories
Result: NOTE
    Problems with news in 'NEWS.md':
    No news entries found.
Flavors: r-devel-linux-x86_64-debian-clang, r-devel-linux-x86_64-debian-gcc, r-devel-linux-x86_64-fedora-clang, r-devel-linux-x86_64-fedora-gcc, r-devel-windows-x86_64