Last updated on 2023-03-23 00:51:04 CET.
Flavor | Version | Tinstall | Tcheck | Ttotal | Status | Flags |
---|---|---|---|---|---|---|
r-devel-linux-x86_64-debian-clang | 0.1.0 | 40.48 | 96.14 | 136.62 | OK | |
r-devel-linux-x86_64-debian-gcc | 0.1.0 | 30.69 | 73.82 | 104.51 | OK | |
r-devel-linux-x86_64-fedora-clang | 0.1.0 | 182.32 | NOTE | |||
r-devel-linux-x86_64-fedora-gcc | 0.1.0 | 182.71 | NOTE | |||
r-devel-windows-x86_64 | 0.1.0 | 50.00 | 146.00 | 196.00 | OK | |
r-patched-linux-x86_64 | 0.1.0 | 28.91 | 93.15 | 122.06 | OK | |
r-release-linux-x86_64 | 0.1.0 | 33.27 | 91.59 | 124.86 | OK | |
r-release-macos-arm64 | 0.1.0 | 64.00 | NOTE | |||
r-release-macos-x86_64 | 0.1.0 | 63.00 | NOTE | |||
r-release-windows-x86_64 | 0.1.0 | 42.00 | 145.00 | 187.00 | OK | |
r-oldrel-macos-arm64 | 0.1.0 | 57.00 | NOTE | |||
r-oldrel-macos-x86_64 | 0.1.0 | 71.00 | NOTE | |||
r-oldrel-windows-ix86+x86_64 | 0.1.0 | 92.00 | 177.00 | 269.00 | OK |
Version: 0.1.0
Check: dependencies in R code
Result: NOTE
Namespace in Imports field not imported from: ‘FastGP’
All declared Imports should be used.
Flavors: r-devel-linux-x86_64-fedora-clang, r-devel-linux-x86_64-fedora-gcc, r-release-macos-arm64, r-release-macos-x86_64, r-oldrel-macos-arm64, r-oldrel-macos-x86_64