CRAN Package Check Results for Package BayesMallows

Last updated on 2024-02-28 01:54:06 CET.

Flavor Version Tinstall Tcheck Ttotal Status Flags
r-devel-linux-x86_64-debian-clang 2.0.1 359.00 310.97 669.97 OK
r-devel-linux-x86_64-debian-gcc 2.0.1 288.55 227.83 516.38 OK
r-devel-linux-x86_64-fedora-clang 2.0.1 979.09 OK
r-devel-linux-x86_64-fedora-gcc 2.0.1 975.20 OK
r-devel-windows-x86_64 2.0.1 266.00 322.00 588.00 NOTE
r-patched-linux-x86_64 2.0.1 270.67 286.35 557.02 OK
r-release-linux-x86_64 2.0.1 348.44 308.78 657.22 OK
r-release-macos-arm64 2.0.1 197.00 NOTE
r-release-macos-x86_64 2.0.1 423.00 NOTE
r-release-windows-x86_64 2.0.1 346.00 380.00 726.00 NOTE
r-oldrel-macos-arm64 2.0.1 193.00 NOTE
r-oldrel-windows-x86_64 2.0.1 343.00 356.00 699.00 OK

Check Details

Version: 2.0.1
Check: installed package size
Result: NOTE installed size is 5.0Mb sub-directories of 1Mb or more: doc 2.7Mb libs 1.6Mb Flavors: r-devel-windows-x86_64, r-release-macos-arm64, r-release-macos-x86_64, r-release-windows-x86_64, r-oldrel-macos-arm64