CRAN Package Check Results for Package BayesMed

Last updated on 2019-09-22 13:46:06 CEST.

Flavor Version Tinstall Tcheck Ttotal Status Flags
r-devel-linux-x86_64-debian-clang 1.0.1 12.69 89.80 102.49 NOTE
r-devel-linux-x86_64-debian-gcc 1.0.1 9.71 70.08 79.79 NOTE
r-devel-linux-x86_64-fedora-clang 1.0.1 124.01 NOTE
r-devel-linux-x86_64-fedora-gcc 1.0.1 122.11 NOTE
r-devel-windows-ix86+x86_64 1.0.1 36.00 101.00 137.00 NOTE
r-patched-linux-x86_64 1.0.1 11.31 87.58 98.89 NOTE
r-patched-solaris-x86 1.0.1 199.60 NOTE
r-release-linux-x86_64 1.0.1 10.41 88.46 98.87 NOTE
r-release-windows-ix86+x86_64 1.0.1 22.00 96.00 118.00 NOTE
r-release-osx-x86_64 1.0.1 NOTE
r-oldrel-windows-ix86+x86_64 1.0.1 14.00 92.00 106.00 NOTE
r-oldrel-osx-x86_64 1.0.1 NOTE

Check Details

Version: 1.0.1
Check: DESCRIPTION meta-information
Result: NOTE
    Malformed Description field: should contain one or more complete sentences.
Flavors: r-devel-linux-x86_64-debian-clang, r-devel-linux-x86_64-debian-gcc, r-devel-linux-x86_64-fedora-clang, r-devel-linux-x86_64-fedora-gcc, r-devel-windows-ix86+x86_64, r-patched-linux-x86_64, r-patched-solaris-x86, r-release-linux-x86_64, r-release-windows-ix86+x86_64, r-release-osx-x86_64, r-oldrel-windows-ix86+x86_64, r-oldrel-osx-x86_64

Version: 1.0.1
Check: R code for possible problems
Result: NOTE
    jzs_cor: no visible global function definition for 'runif'
    jzs_cor: no visible global function definition for 'sd'
    jzs_cor: no visible global function definition for 'cor'
    jzs_cor : jzs_corbf: no visible global function definition for
     'integrate'
    jzs_corSD: no visible global function definition for 'runif'
    jzs_corSD: no visible global function definition for 'sd'
    jzs_corSD: no visible global function definition for 'cor'
    jzs_corSD : mydt: no visible global function definition for 'dt'
    jzs_corSD: no visible global function definition for 'dcauchy'
    jzs_corSD : mydt2: no visible global function definition for 'dt'
    jzs_corSD: no visible global function definition for 'optim'
    jzs_corSD: no visible global function definition for 'dnorm'
    jzs_corSD: no visible global function definition for 'splinefun'
    jzs_corSD: no visible global function definition for 'density'
    jzs_med: no visible global function definition for 'runif'
    jzs_med: no visible global function definition for 'sd'
    jzs_med : jzs_partcor_basic: no visible global function definition for
     'sd'
    jzs_med : jzs_partcor_basic: no visible global function definition for
     'lm'
    jzs_med : jzs_partcor_basic : jzs_partcorbf: no visible global function
     definition for 'integrate'
    jzs_med: no visible global function definition for 'quantile'
    jzs_medSD: no visible global function definition for 'runif'
    jzs_medSD: no visible global function definition for 'sd'
    jzs_medSD : mydt: no visible global function definition for 'dt'
    jzs_medSD: no visible global function definition for 'dcauchy'
    jzs_medSD: no visible global function definition for 'pt'
    jzs_medSD : mydt2: no visible global function definition for 'dt'
    jzs_medSD: no visible global function definition for 'optim'
    jzs_medSD: no visible global function definition for 'dnorm'
    jzs_medSD: no visible global function definition for 'splinefun'
    jzs_medSD: no visible global function definition for 'density'
    jzs_medSD: no visible global function definition for 'quantile'
    jzs_partcor: no visible global function definition for 'runif'
    jzs_partcor: no visible global function definition for 'sd'
    jzs_partcor: no visible global function definition for 'lm'
    jzs_partcor : jzs_partcorbf: no visible global function definition for
     'integrate'
    jzs_partcorSD: no visible global function definition for 'runif'
    jzs_partcorSD: no visible global function definition for 'sd'
    jzs_partcorSD : mydt: no visible global function definition for 'dt'
    jzs_partcorSD: no visible global function definition for 'dcauchy'
    jzs_partcorSD : mydt2: no visible global function definition for 'dt'
    jzs_partcorSD: no visible global function definition for 'optim'
    jzs_partcorSD: no visible global function definition for 'dnorm'
    jzs_partcorSD: no visible global function definition for 'splinefun'
    jzs_partcorSD: no visible global function definition for 'density'
    plot.CI: no visible global function definition for 'hist'
    plot.CI: no visible global function definition for 'abline'
    plot.CI: no visible global function definition for 'quantile'
    plot.CI: no visible global function definition for 'median'
    plot.CI: no visible global function definition for 'legend'
    plot.JZSMed: no visible global function definition for 'par'
    plot.JZSMed: no visible global function definition for 'plot'
    plot.JZSMed: no visible global function definition for 'points'
    plot.JZSMed: no visible global function definition for 'arrows'
    plot.JZSMed: no visible global function definition for 'text'
    plot.JZSMed: no visible global function definition for 'legend'
    Undefined global functions or variables:
     abline arrows cor dcauchy density dnorm dt hist integrate legend lm
     median optim par plot points pt quantile runif sd splinefun text
    Consider adding
     importFrom("graphics", "abline", "arrows", "hist", "legend", "par",
     "plot", "points", "text")
     importFrom("stats", "cor", "dcauchy", "density", "dnorm", "dt",
     "integrate", "lm", "median", "optim", "pt", "quantile",
     "runif", "sd", "splinefun")
    to your NAMESPACE file.
Flavors: r-devel-linux-x86_64-debian-clang, r-devel-linux-x86_64-debian-gcc, r-devel-linux-x86_64-fedora-clang, r-devel-linux-x86_64-fedora-gcc, r-devel-windows-ix86+x86_64, r-patched-linux-x86_64, r-patched-solaris-x86, r-release-linux-x86_64, r-release-windows-ix86+x86_64, r-release-osx-x86_64, r-oldrel-windows-ix86+x86_64, r-oldrel-osx-x86_64