Last updated on 2023-03-23 02:49:37 CET.
Flavor | Version | Tinstall | Tcheck | Ttotal | Status | Flags |
---|---|---|---|---|---|---|
r-devel-linux-x86_64-debian-clang | 1.1.0 | 9.01 | 53.85 | 62.86 | NOTE | |
r-devel-linux-x86_64-debian-gcc | 1.1.0 | 6.38 | 40.23 | 46.61 | NOTE | |
r-devel-linux-x86_64-fedora-clang | 1.1.0 | 80.99 | NOTE | |||
r-devel-linux-x86_64-fedora-gcc | 1.1.0 | 83.51 | NOTE | |||
r-devel-windows-x86_64 | 1.1.0 | 55.00 | 79.00 | 134.00 | NOTE | |
r-patched-linux-x86_64 | 1.1.0 | 8.95 | 51.49 | 60.44 | NOTE | |
r-release-linux-x86_64 | 1.1.0 | 10.50 | 51.61 | 62.11 | NOTE | |
r-release-macos-arm64 | 1.1.0 | 23.00 | NOTE | |||
r-release-macos-x86_64 | 1.1.0 | 33.00 | NOTE | |||
r-release-windows-x86_64 | 1.1.0 | 12.00 | 75.00 | 87.00 | NOTE | |
r-oldrel-macos-arm64 | 1.1.0 | 69.00 | NOTE | |||
r-oldrel-macos-x86_64 | 1.1.0 | 119.00 | NOTE | |||
r-oldrel-windows-ix86+x86_64 | 1.1.0 | 12.00 | 63.00 | 75.00 | NOTE |
Version: 1.1.0
Check: LazyData
Result: NOTE
'LazyData' is specified without a 'data' directory
Flavors: r-devel-linux-x86_64-debian-clang, r-devel-linux-x86_64-debian-gcc, r-devel-linux-x86_64-fedora-clang, r-devel-linux-x86_64-fedora-gcc, r-devel-windows-x86_64, r-patched-linux-x86_64, r-release-linux-x86_64, r-release-macos-arm64, r-release-macos-x86_64, r-release-windows-x86_64, r-oldrel-macos-arm64, r-oldrel-macos-x86_64, r-oldrel-windows-ix86+x86_64