CRAN Package Check Results for Package BayesSUR

Last updated on 2022-10-02 17:51:35 CEST.

Flavor Version Tinstall Tcheck Ttotal Status Flags
r-devel-linux-x86_64-debian-clang 2.1-2 218.86 131.89 350.75 OK
r-devel-linux-x86_64-debian-gcc 2.1-2 170.47 107.75 278.22 OK
r-devel-linux-x86_64-fedora-clang 2.1-2 509.28 OK
r-devel-linux-x86_64-fedora-gcc 2.1-2 472.72 OK
r-devel-windows-x86_64 2.1-2 153.00 167.00 320.00 OK
r-patched-linux-x86_64 2.1-2 187.55 122.30 309.85 OK
r-release-linux-x86_64 2.1-2 185.33 124.67 310.00 OK
r-release-macos-arm64 2.1-2 105.00 NOTE
r-release-macos-x86_64 2.1-2 137.00 NOTE
r-release-windows-x86_64 2.1-2 166.00 171.00 337.00 OK
r-oldrel-macos-arm64 2.1-2 98.00 NOTE
r-oldrel-macos-x86_64 2.1-2 132.00 NOTE
r-oldrel-windows-ix86+x86_64 2.1-2 470.00 213.00 683.00 NOTE

Check Details

Version: 2.1-2
Check: installed package size
Result: NOTE
     installed size is 17.0Mb
     sub-directories of 1Mb or more:
     data 1.5Mb
     libs 14.7Mb
Flavors: r-release-macos-arm64, r-release-macos-x86_64, r-oldrel-macos-arm64, r-oldrel-macos-x86_64, r-oldrel-windows-ix86+x86_64