CRAN Package Check Results for Package BayesSampling

Last updated on 2022-01-29 04:49:29 CET.

Flavor Version Tinstall Tcheck Ttotal Status Flags
r-devel-linux-x86_64-debian-clang 1.1.0 8.09 78.34 86.43 OK
r-devel-linux-x86_64-debian-gcc 1.1.0 7.34 60.73 68.07 OK
r-devel-linux-x86_64-fedora-clang 1.1.0 105.42 NOTE
r-devel-linux-x86_64-fedora-gcc 1.1.0 99.80 NOTE
r-devel-windows-x86_64-new-UL 1.1.0 60.00 112.00 172.00 OK
r-devel-windows-x86_64-new-TK 1.1.0 NOTE
r-patched-linux-x86_64 1.1.0 5.60 76.81 82.41 OK
r-release-linux-x86_64 1.1.0 8.81 78.03 86.84 OK
r-release-macos-arm64 1.1.0 NOTE
r-release-macos-x86_64 1.1.0 NOTE
r-release-windows-ix86+x86_64 1.1.0 15.00 93.00 108.00 OK
r-oldrel-macos-x86_64 1.1.0 NOTE
r-oldrel-windows-ix86+x86_64 1.1.0 16.00 90.00 106.00 OK

Check Details

Version: 1.1.0
Check: dependencies in R code
Result: NOTE
    Namespaces in Imports field not imported from:
     ‘MASS’ ‘Matrix’ ‘matrixcalc’ ‘stats’
     All declared Imports should be used.
Flavors: r-devel-linux-x86_64-fedora-clang, r-devel-linux-x86_64-fedora-gcc, r-devel-windows-x86_64-new-TK, r-release-macos-arm64, r-release-macos-x86_64, r-oldrel-macos-x86_64