CRAN Package Check Results for Package BeSS

Last updated on 2019-09-19 11:46:51 CEST.

Flavor Version Tinstall Tcheck Ttotal Status Flags
r-devel-linux-x86_64-debian-clang 1.0.6 218.07 71.58 289.65 OK
r-devel-linux-x86_64-debian-gcc 1.0.6 187.16 64.90 252.06 OK
r-devel-linux-x86_64-fedora-clang 1.0.6 424.35 NOTE
r-devel-linux-x86_64-fedora-gcc 1.0.6 435.80 OK
r-devel-windows-ix86+x86_64 1.0.6 426.00 116.00 542.00 OK
r-patched-linux-x86_64 1.0.6 218.77 78.35 297.12 OK
r-patched-solaris-x86 1.0.6 342.80 OK
r-release-linux-x86_64 1.0.6 208.51 78.51 287.02 OK
r-release-windows-ix86+x86_64 1.0.6 308.00 116.00 424.00 OK
r-release-osx-x86_64 1.0.6 NOTE
r-oldrel-windows-ix86+x86_64 1.0.6 310.00 135.00 445.00 OK
r-oldrel-osx-x86_64 1.0.6 NOTE

Check Details

Version: 1.0.6
Check: installed package size
Result: NOTE
     installed size is 41.5Mb
     sub-directories of 1Mb or more:
     libs 40.5Mb
Flavors: r-devel-linux-x86_64-fedora-clang, r-release-osx-x86_64, r-oldrel-osx-x86_64