CRAN Package Check Results for Package BeSS

Last updated on 2020-02-27 20:48:19 CET.

Flavor Version Tinstall Tcheck Ttotal Status Flags
r-devel-linux-x86_64-debian-clang 1.0.6 241.65 77.64 319.29 OK
r-devel-linux-x86_64-debian-gcc 1.0.6 187.55 70.00 257.55 OK
r-devel-linux-x86_64-fedora-clang 1.0.6 453.69 NOTE
r-devel-linux-x86_64-fedora-gcc 1.0.6 443.69 OK
r-devel-windows-ix86+x86_64 1.0.6 350.00 121.00 471.00 OK
r-devel-windows-ix86+x86_64-gcc8 1.0.6 406.00 155.00 561.00 OK
r-patched-linux-x86_64 1.0.6 224.29 79.40 303.69 OK
r-patched-solaris-x86 1.0.6 342.10 OK
r-release-linux-x86_64 1.0.6 221.29 78.03 299.32 OK
r-release-windows-ix86+x86_64 1.0.6 336.00 122.00 458.00 OK
r-release-osx-x86_64 1.0.6 NOTE
r-oldrel-windows-ix86+x86_64 1.0.6 275.00 117.00 392.00 OK
r-oldrel-osx-x86_64 1.0.6 NOTE

Check Details

Version: 1.0.6
Check: installed package size
Result: NOTE
     installed size is 41.5Mb
     sub-directories of 1Mb or more:
     libs 40.5Mb
Flavors: r-devel-linux-x86_64-fedora-clang, r-release-osx-x86_64, r-oldrel-osx-x86_64