CRAN Package Check Results for Package BeSS

Last updated on 2020-12-05 06:50:46 CET.

Flavor Version Tinstall Tcheck Ttotal Status Flags
r-devel-linux-x86_64-debian-clang 1.0.9 99.02 89.34 188.36 OK
r-devel-linux-x86_64-debian-gcc 1.0.9 82.52 74.90 157.42 OK
r-devel-linux-x86_64-fedora-clang 1.0.9 256.09 NOTE
r-devel-linux-x86_64-fedora-gcc 1.0.9 250.36 OK
r-devel-windows-ix86+x86_64 1.0.9 205.00 161.00 366.00 OK
r-patched-linux-x86_64 1.0.9 94.78 88.10 182.88 OK
r-patched-solaris-x86 1.0.9 247.60 OK
r-release-linux-x86_64 1.0.9 90.52 90.47 180.99 OK
r-release-macos-x86_64 1.0.9 NOTE
r-release-windows-ix86+x86_64 1.0.9 148.00 164.00 312.00 OK
r-oldrel-macos-x86_64 1.0.9 NOTE
r-oldrel-windows-ix86+x86_64 1.0.9 176.00 161.00 337.00 OK

Check Details

Version: 1.0.9
Check: installed package size
Result: NOTE
     installed size is 27.8Mb
     sub-directories of 1Mb or more:
     libs 26.7Mb
Flavors: r-devel-linux-x86_64-fedora-clang, r-release-macos-x86_64, r-oldrel-macos-x86_64