CRAN Package Check Results for Package BinQuasi

Last updated on 2022-01-27 14:53:54 CET.

Flavor Version Tinstall Tcheck Ttotal Status Flags
r-devel-linux-x86_64-debian-clang 0.1-6 39.66 590.78 630.44 OK
r-devel-linux-x86_64-debian-gcc 0.1-6 35.25 436.75 472.00 OK
r-devel-linux-x86_64-fedora-clang 0.1-6 721.89 OK
r-devel-linux-x86_64-fedora-gcc 0.1-6 783.72 OK
r-devel-windows-x86_64-new-UL 0.1-6 75.00 592.00 667.00 OK
r-devel-windows-x86_64-new-TK 0.1-6 OK
r-patched-linux-x86_64 0.1-6 41.49 538.68 580.17 OK
r-release-linux-x86_64 0.1-6 37.20 532.81 570.01 OK
r-release-macos-arm64 0.1-6 OK
r-release-macos-x86_64 0.1-6 ERROR
r-release-windows-ix86+x86_64 0.1-6 87.00 729.00 816.00 OK
r-oldrel-macos-x86_64 0.1-6 ERROR
r-oldrel-windows-ix86+x86_64 0.1-6 126.00 947.00 1073.00 OK

Check Details

Version: 0.1-6
Check: package dependencies
Result: ERROR
    Package required but not available: ‘csaw’
    
    See section ‘The DESCRIPTION file’ in the ‘Writing R Extensions’
    manual.
Flavors: r-release-macos-x86_64, r-oldrel-macos-x86_64