CRAN Package Check Results for Package BinaryDosage

Last updated on 2022-01-26 00:49:45 CET.

Flavor Version Tinstall Tcheck Ttotal Status Flags
r-devel-linux-x86_64-debian-clang 1.0.0 43.46 103.85 147.31 NOTE
r-devel-linux-x86_64-debian-gcc 1.0.0 33.83 90.40 124.23 NOTE
r-devel-linux-x86_64-fedora-clang 1.0.0 192.84 NOTE
r-devel-linux-x86_64-fedora-gcc 1.0.0 186.51 NOTE
r-devel-windows-x86_64-new-UL 1.0.0 153.00 167.00 320.00 NOTE
r-devel-windows-x86_64-new-TK 1.0.0 NOTE
r-patched-linux-x86_64 1.0.0 41.69 106.70 148.39 NOTE
r-release-linux-x86_64 1.0.0 37.89 108.41 146.30 NOTE
r-release-macos-arm64 1.0.0 NOTE
r-release-macos-x86_64 1.0.0 NOTE
r-release-windows-ix86+x86_64 1.0.0 103.00 179.00 282.00 NOTE
r-oldrel-macos-x86_64 1.0.0 OK
r-oldrel-windows-ix86+x86_64 1.0.0 101.00 184.00 285.00 OK

Check Details

Version: 1.0.0
Check: LazyData
Result: NOTE
     'LazyData' is specified without a 'data' directory
Flavors: r-devel-linux-x86_64-debian-clang, r-devel-linux-x86_64-debian-gcc, r-devel-linux-x86_64-fedora-clang, r-devel-linux-x86_64-fedora-gcc, r-devel-windows-x86_64-new-UL, r-devel-windows-x86_64-new-TK, r-patched-linux-x86_64, r-release-linux-x86_64, r-release-macos-arm64, r-release-macos-x86_64, r-release-windows-ix86+x86_64