CRAN Package Check Results for Package Biocomb

Last updated on 2019-09-15 07:48:37 CEST.

Flavor Version Tinstall Tcheck Ttotal Status Flags
r-devel-linux-x86_64-debian-clang 0.4 54.54 165.38 219.92 OK
r-devel-linux-x86_64-debian-gcc 0.4 45.66 126.63 172.29 OK
r-devel-linux-x86_64-fedora-clang 0.4 270.59 OK
r-devel-linux-x86_64-fedora-gcc 0.4 294.55 OK
r-devel-windows-ix86+x86_64 0.4 116.00 7.00 123.00 ERROR
r-patched-linux-x86_64 0.4 49.48 164.22 213.70 OK
r-release-linux-x86_64 0.4 53.01 162.21 215.22 OK
r-release-windows-ix86+x86_64 0.4 97.00 237.00 334.00 OK
r-release-osx-x86_64 0.4 WARN
r-oldrel-windows-ix86+x86_64 0.4 107.00 210.00 317.00 OK
r-oldrel-osx-x86_64 0.4 WARN

Check Details

Version: 0.4
Check: whether package can be installed
Result: ERROR
    Installation failed.
Flavor: r-devel-windows-ix86+x86_64

Version: 0.4
Check: whether package can be installed
Result: WARN
    Found the following significant warnings:
     Warning: 'rgl_init' failed, running with rgl.useNULL = TRUE
Flavors: r-release-osx-x86_64, r-oldrel-osx-x86_64