CRAN Package Check Results for Package Biocomb

Last updated on 2020-01-23 08:48:47 CET.

Flavor Version Tinstall Tcheck Ttotal Status Flags
r-devel-linux-x86_64-debian-clang 0.4 57.20 183.12 240.32 OK
r-devel-linux-x86_64-debian-gcc 0.4 42.93 137.81 180.74 OK
r-devel-linux-x86_64-fedora-clang 0.4 292.56 OK
r-devel-linux-x86_64-fedora-gcc 0.4 295.87 OK
r-devel-windows-ix86+x86_64 0.4 177.00 338.00 515.00 OK
r-devel-windows-ix86+x86_64-gcc8 0.4 159.00 339.00 498.00 OK
r-patched-linux-x86_64 0.4 52.18 163.11 215.29 OK
r-release-linux-x86_64 0.4 48.40 161.69 210.09 OK
r-release-windows-ix86+x86_64 0.4 102.00 317.00 419.00 OK
r-release-osx-x86_64 0.4 WARN
r-oldrel-windows-ix86+x86_64 0.4 74.00 219.00 293.00 ERROR
r-oldrel-osx-x86_64 0.4 WARN

Check Details

Version: 0.4
Check: whether package can be installed
Result: WARN
    Found the following significant warnings:
     Warning: 'rgl_init' failed, running with rgl.useNULL = TRUE
Flavors: r-release-osx-x86_64, r-oldrel-osx-x86_64

Version: 0.4
Check: whether package can be installed
Result: ERROR
    Installation failed.
Flavor: r-oldrel-windows-ix86+x86_64