CRAN Package Check Results for Package Bmix

Last updated on 2022-08-16 12:52:56 CEST.

Flavor Version Tinstall Tcheck Ttotal Status Flags
r-devel-linux-x86_64-debian-clang 0.6 11.43 23.34 34.77 OK
r-devel-linux-x86_64-debian-gcc 0.6 8.19 18.17 26.36 OK
r-devel-linux-x86_64-fedora-clang 0.6 55.25 NOTE
r-devel-linux-x86_64-fedora-gcc 0.6 51.91 NOTE
r-devel-windows-x86_64 0.6 23.00 66.00 89.00 OK
r-patched-linux-x86_64 0.6 9.04 22.22 31.26 OK
r-release-linux-x86_64 0.6 9.87 22.55 32.42 OK
r-release-macos-arm64 0.6 20.00 OK
r-release-macos-x86_64 0.6 29.00 OK
r-release-windows-x86_64 0.6 19.00 64.00 83.00 OK
r-oldrel-macos-arm64 0.6 25.00 OK
r-oldrel-macos-x86_64 0.6 40.00 OK
r-oldrel-windows-ix86+x86_64 0.6 27.00 59.00 86.00 OK

Check Details

Version: 0.6
Check: compiled code
Result: NOTE
    File ‘Bmix/libs/Bmix.so’:
     Found no calls to: ‘R_registerRoutines’, ‘R_useDynamicSymbols’
    
    It is good practice to register native routines and to disable symbol
    search.
    
    See ‘Writing portable packages’ in the ‘Writing R Extensions’ manual.
Flavors: r-devel-linux-x86_64-fedora-clang, r-devel-linux-x86_64-fedora-gcc