CRAN Package Check Results for Package BoSSA

Last updated on 2020-06-01 15:47:38 CEST.

Flavor Version Tinstall Tcheck Ttotal Status Flags
r-devel-linux-x86_64-debian-clang 3.6 11.16 151.67 162.83 NOTE
r-devel-linux-x86_64-debian-gcc 3.6 8.61 114.31 122.92 NOTE
r-devel-linux-x86_64-fedora-clang 3.6 209.88 NOTE
r-devel-linux-x86_64-fedora-gcc 3.6 196.47 NOTE
r-devel-windows-ix86+x86_64 3.6 28.00 238.00 266.00 OK
r-patched-linux-x86_64 3.6 10.60 151.13 161.73 NOTE
r-patched-solaris-x86 3.6 261.30 NOTE
r-release-linux-x86_64 3.6 9.85 150.96 160.81 NOTE
r-release-osx-x86_64 3.6 OK
r-release-windows-ix86+x86_64 3.6 20.00 192.00 212.00 OK
r-oldrel-osx-x86_64 3.6 OK
r-oldrel-windows-ix86+x86_64 3.6 20.00 189.00 209.00 OK

Check Details

Version: 3.6
Check: for non-standard things in the check directory
Result: NOTE
    Found the following files/directories:
     'for_krona.txt' 'test.jplace'
Flavors: r-devel-linux-x86_64-debian-clang, r-devel-linux-x86_64-debian-gcc, r-devel-linux-x86_64-fedora-clang, r-devel-linux-x86_64-fedora-gcc, r-patched-linux-x86_64, r-patched-solaris-x86, r-release-linux-x86_64