CRAN Package Check Results for Package BoSSA

Last updated on 2019-09-23 15:47:01 CEST.

Flavor Version Tinstall Tcheck Ttotal Status Flags
r-devel-linux-x86_64-debian-clang 3.6 9.11 141.22 150.33 NOTE
r-devel-linux-x86_64-debian-gcc 3.6 8.87 105.84 114.71 NOTE
r-devel-linux-x86_64-fedora-clang 3.6 173.63 NOTE
r-devel-linux-x86_64-fedora-gcc 3.6 171.21 NOTE
r-devel-windows-ix86+x86_64 3.6 38.00 242.00 280.00 OK
r-patched-linux-x86_64 3.6 9.55 134.90 144.45 OK
r-patched-solaris-x86 3.6 244.00 OK
r-release-linux-x86_64 3.6 9.80 137.41 147.21 OK
r-release-windows-ix86+x86_64 3.6 29.00 254.00 283.00 OK
r-release-osx-x86_64 3.6 OK
r-oldrel-windows-ix86+x86_64 3.6 13.00 172.00 185.00 OK
r-oldrel-osx-x86_64 3.6 OK

Check Details

Version: 3.6
Check: for non-standard things in the check directory
Result: NOTE
    Found the following files/directories:
     'for_krona.txt' 'test.jplace'
Flavors: r-devel-linux-x86_64-debian-clang, r-devel-linux-x86_64-debian-gcc, r-devel-linux-x86_64-fedora-clang, r-devel-linux-x86_64-fedora-gcc