CRAN Package Check Results for Package Boom

Last updated on 2020-02-19 21:46:29 CET.

Flavor Version Tinstall Tcheck Ttotal Status Flags
r-devel-linux-x86_64-debian-clang 0.9.3 1798.36 38.11 1836.47 NOTE
r-devel-linux-x86_64-debian-gcc 0.9.3 1191.97 37.37 1229.34 NOTE
r-devel-linux-x86_64-fedora-clang 0.9.3 2432.82 NOTE
r-devel-linux-x86_64-fedora-gcc 0.9.3 2210.99 NOTE
r-devel-windows-ix86+x86_64 0.9.3 583.00 53.00 636.00 NOTE
r-devel-windows-ix86+x86_64-gcc8 0.9.3 3957.00 90.00 4047.00 NOTE
r-patched-linux-x86_64 0.9.3 1585.17 42.91 1628.08 NOTE
r-release-linux-x86_64 0.9.3 1583.20 43.36 1626.56 NOTE
r-release-windows-ix86+x86_64 0.9.3 575.00 52.00 627.00 NOTE
r-release-osx-x86_64 0.9.3 NOTE
r-oldrel-windows-ix86+x86_64 0.9.3 580.00 45.00 625.00 NOTE
r-oldrel-osx-x86_64 0.9.3 NOTE

Check Details

Version: 0.9.3
Check: for GNU extensions in Makefiles
Result: NOTE
    GNU make is a SystemRequirements.
Flavors: r-devel-linux-x86_64-debian-clang, r-devel-linux-x86_64-debian-gcc, r-devel-linux-x86_64-fedora-clang, r-devel-linux-x86_64-fedora-gcc, r-devel-windows-ix86+x86_64, r-devel-windows-ix86+x86_64-gcc8, r-patched-linux-x86_64, r-release-linux-x86_64, r-release-windows-ix86+x86_64, r-release-osx-x86_64, r-oldrel-windows-ix86+x86_64, r-oldrel-osx-x86_64

Version: 0.9.3
Check: installed package size
Result: NOTE
     installed size is 392.8Mb
     sub-directories of 1Mb or more:
     include 8.8Mb
     lib 383.6Mb
Flavors: r-devel-linux-x86_64-fedora-clang, r-devel-windows-ix86+x86_64, r-devel-windows-ix86+x86_64-gcc8, r-release-windows-ix86+x86_64, r-release-osx-x86_64, r-oldrel-windows-ix86+x86_64, r-oldrel-osx-x86_64