CRAN Package Check Results for Package Boom

Last updated on 2019-09-23 05:46:48 CEST.

Flavor Version Tinstall Tcheck Ttotal Status Flags
r-devel-linux-x86_64-debian-clang 0.9.2 1537.32 36.17 1573.49 NOTE
r-devel-linux-x86_64-debian-gcc 0.9.2 1245.17 34.27 1279.44 NOTE
r-devel-linux-x86_64-fedora-clang 0.9.2 2393.05 NOTE
r-devel-linux-x86_64-fedora-gcc 0.9.2 2195.13 NOTE
r-devel-windows-ix86+x86_64 0.9.2 595.00 77.00 672.00 NOTE
r-patched-linux-x86_64 0.9.2 1511.87 42.24 1554.11 NOTE
r-release-linux-x86_64 0.9.2 1513.99 42.42 1556.41 NOTE
r-release-windows-ix86+x86_64 0.9.2 763.00 69.00 832.00 NOTE
r-release-osx-x86_64 0.9.2 NOTE
r-oldrel-windows-ix86+x86_64 0.9.2 564.00 51.00 615.00 NOTE
r-oldrel-osx-x86_64 0.9.2 NOTE

Check Details

Version: 0.9.2
Check: for GNU extensions in Makefiles
Result: NOTE
    GNU make is a SystemRequirements.
Flavors: r-devel-linux-x86_64-debian-clang, r-devel-linux-x86_64-debian-gcc, r-devel-linux-x86_64-fedora-clang, r-devel-linux-x86_64-fedora-gcc, r-devel-windows-ix86+x86_64, r-patched-linux-x86_64, r-release-linux-x86_64, r-release-windows-ix86+x86_64, r-release-osx-x86_64, r-oldrel-windows-ix86+x86_64, r-oldrel-osx-x86_64

Version: 0.9.2
Check: installed package size
Result: NOTE
     installed size is 393.0Mb
     sub-directories of 1Mb or more:
     include 8.8Mb
     lib 383.8Mb
Flavors: r-devel-linux-x86_64-fedora-clang, r-devel-windows-ix86+x86_64, r-release-windows-ix86+x86_64, r-release-osx-x86_64, r-oldrel-windows-ix86+x86_64, r-oldrel-osx-x86_64