CRAN Package Check Results for Package BoomSpikeSlab

Last updated on 2022-01-28 02:50:52 CET.

Flavor Version Tinstall Tcheck Ttotal Status Flags
r-devel-linux-x86_64-debian-clang 1.2.4 45.88 129.29 175.17 OK
r-devel-linux-x86_64-debian-gcc 1.2.4 38.64 88.02 126.66 OK
r-devel-linux-x86_64-fedora-clang 1.2.4 218.11 NOTE
r-devel-linux-x86_64-fedora-gcc 1.2.4 207.78 OK
r-devel-windows-x86_64-new-UL 1.2.4 263.00 227.00 490.00 OK
r-devel-windows-x86_64-new-TK 1.2.4 OK
r-patched-linux-x86_64 1.2.4 54.50 114.74 169.24 OK
r-release-linux-x86_64 1.2.4 49.29 119.40 168.69 OK
r-release-macos-arm64 1.2.4 NOTE
r-release-macos-x86_64 1.2.4 NOTE
r-release-windows-ix86+x86_64 1.2.4 109.00 287.00 396.00 NOTE
r-oldrel-macos-x86_64 1.2.4 NOTE
r-oldrel-windows-ix86+x86_64 1.2.4 109.00 301.00 410.00 NOTE

Additional issues

rchk

Check Details

Version: 1.2.4
Check: installed package size
Result: NOTE
     installed size is 68.1Mb
     sub-directories of 1Mb or more:
     libs 67.5Mb
Flavors: r-devel-linux-x86_64-fedora-clang, r-release-macos-arm64, r-release-macos-x86_64, r-release-windows-ix86+x86_64, r-oldrel-macos-x86_64, r-oldrel-windows-ix86+x86_64