CRAN Package Check Results for Package BoostMLR

Last updated on 2022-01-28 02:50:52 CET.

Flavor Version Tinstall Tcheck Ttotal Status Flags
r-devel-linux-x86_64-debian-clang 1.0.3 57.65 49.12 106.77 OK
r-devel-linux-x86_64-debian-gcc 1.0.3 49.67 38.07 87.74 OK
r-devel-linux-x86_64-fedora-clang 1.0.3 157.28 OK
r-devel-linux-x86_64-fedora-gcc 1.0.3 144.82 OK
r-devel-windows-x86_64-new-UL 1.0.3 80.00 90.00 170.00 OK
r-devel-windows-x86_64-new-TK 1.0.3 OK
r-patched-linux-x86_64 1.0.3 58.43 47.48 105.91 OK
r-release-linux-x86_64 1.0.3 55.14 46.45 101.59 OK
r-release-macos-arm64 1.0.3 NOTE
r-release-macos-x86_64 1.0.3 NOTE
r-release-windows-ix86+x86_64 1.0.3 134.00 86.00 220.00 OK
r-oldrel-macos-x86_64 1.0.3 NOTE
r-oldrel-windows-ix86+x86_64 1.0.3 135.00 85.00 220.00 OK

Check Details

Version: 1.0.3
Check: installed package size
Result: NOTE
     installed size is 7.2Mb
     sub-directories of 1Mb or more:
     libs 6.9Mb
Flavors: r-release-macos-arm64, r-release-macos-x86_64, r-oldrel-macos-x86_64