CRAN Package Check Results for Package BootstrapQTL

Last updated on 2020-02-17 19:49:08 CET.

Flavor Version Tinstall Tcheck Ttotal Status Flags
r-devel-linux-x86_64-debian-clang 1.0.2 3.35 42.69 46.04 OK
r-devel-linux-x86_64-debian-gcc 1.0.2 2.90 34.96 37.86 OK
r-devel-linux-x86_64-fedora-clang 1.0.2 53.13 OK
r-devel-linux-x86_64-fedora-gcc 1.0.2 50.67 OK
r-devel-windows-ix86+x86_64 1.0.2 6.00 61.00 67.00 NOTE
r-devel-windows-ix86+x86_64-gcc8 1.0.2 10.00 74.00 84.00 NOTE
r-patched-linux-x86_64 1.0.2 2.67 36.76 39.43 OK
r-patched-solaris-x86 1.0.2 67.40 OK
r-release-linux-x86_64 1.0.2 2.66 37.20 39.86 OK
r-release-windows-ix86+x86_64 1.0.2 6.00 51.00 57.00 NOTE
r-release-osx-x86_64 1.0.2 NOTE
r-oldrel-windows-ix86+x86_64 1.0.2 3.00 35.00 38.00 FAIL
r-oldrel-osx-x86_64 1.0.2 OK

Check Details

Version: 1.0.2
Check: package dependencies
Result: NOTE
    Package suggested but not available for checking: 'doMC'
Flavors: r-devel-windows-ix86+x86_64, r-devel-windows-ix86+x86_64-gcc8, r-release-windows-ix86+x86_64, r-oldrel-windows-ix86+x86_64

Version: 1.0.2
Check: package dependencies
Result: NOTE
    Package suggested but not available for checking: ‘qvalue’
Flavor: r-release-osx-x86_64

Version: 1.0.2
Check: Rd cross-references
Result: NOTE
    Package unavailable to check Rd xrefs: ‘qvalue’
Flavor: r-release-osx-x86_64

Version: 1.0.2
Check: examples
Result: FAIL
Flavor: r-oldrel-windows-ix86+x86_64