Last updated on 2022-08-11 07:51:40 CEST.
Flavor | Version | Tinstall | Tcheck | Ttotal | Status | Flags |
---|---|---|---|---|---|---|
r-devel-linux-x86_64-debian-clang | 1.1 | 3.06 | 27.42 | 30.48 | NOTE | |
r-devel-linux-x86_64-debian-gcc | 1.1 | 2.26 | 21.46 | 23.72 | NOTE | |
r-devel-linux-x86_64-fedora-clang | 1.1 | 48.56 | NOTE | |||
r-devel-linux-x86_64-fedora-gcc | 1.1 | 48.15 | NOTE | |||
r-devel-windows-x86_64 | 1.1 | 15.00 | 57.00 | 72.00 | NOTE | |
r-patched-linux-x86_64 | 1.1 | 3.22 | 27.12 | 30.34 | NOTE | |
r-release-linux-x86_64 | 1.1 | NOTE | ||||
r-release-macos-arm64 | 1.1 | 15.00 | NOTE | |||
r-release-macos-x86_64 | 1.1 | 22.00 | NOTE | |||
r-release-windows-x86_64 | 1.1 | 18.00 | 58.00 | 76.00 | NOTE | |
r-oldrel-macos-arm64 | 1.1 | 25.00 | NOTE | |||
r-oldrel-macos-x86_64 | 1.1 | 30.00 | NOTE | |||
r-oldrel-windows-ix86+x86_64 | 1.1 | 6.00 | 46.00 | 52.00 | NOTE |
Version: 1.1
Check: LazyData
Result: NOTE
'LazyData' is specified without a 'data' directory
Flavors: r-devel-linux-x86_64-debian-clang, r-devel-linux-x86_64-debian-gcc, r-devel-linux-x86_64-fedora-clang, r-devel-linux-x86_64-fedora-gcc, r-devel-windows-x86_64, r-patched-linux-x86_64, r-release-linux-x86_64, r-release-macos-arm64, r-release-macos-x86_64, r-release-windows-x86_64, r-oldrel-macos-arm64, r-oldrel-macos-x86_64, r-oldrel-windows-ix86+x86_64
Version: 1.1
Check: Rd cross-references
Result: NOTE
Undeclared packages ‘Hmisc’, ‘gtools’ in Rd xrefs
Flavor: r-devel-linux-x86_64-fedora-clang