CRAN Package Check Results for Package CAMML

Last updated on 2024-07-25 20:46:13 CEST.

Flavor Version Tinstall Tcheck Ttotal Status Flags
r-devel-linux-x86_64-debian-clang 1.0.0 46.22 457.11 503.33 OK
r-devel-linux-x86_64-debian-gcc 1.0.0 36.77 331.17 367.94 NOTE
r-devel-linux-x86_64-fedora-clang 1.0.0 661.34 OK
r-devel-linux-x86_64-fedora-gcc 1.0.0 605.00 OK
r-devel-windows-x86_64 1.0.0 40.00 319.00 359.00 NOTE
r-patched-linux-x86_64 1.0.0 OK
r-release-linux-x86_64 1.0.0 30.47 437.12 467.59 OK
r-release-macos-arm64 1.0.0 5.00 ERROR
r-release-macos-x86_64 1.0.0 259.00 OK
r-release-windows-x86_64 1.0.0 39.00 315.00 354.00 OK
r-oldrel-macos-arm64 1.0.0 187.00 OK
r-oldrel-macos-x86_64 1.0.0 11.00 ERROR
r-oldrel-windows-x86_64 1.0.0 56.00 400.00 456.00 OK

Check Details

Version: 1.0.0
Check: Rd cross-references
Result: NOTE Found the following Rd file(s) with Rd \link{} targets missing package anchors: BuildGeneSets.Rd: edgeR, org.Hs.eg.db, org.Mm.eg.db CAMML.Rd: vamForSeurat ChIMP.Rd: vamForSeurat GetGeneSets.Rd: org.Hs.eg.db, org.Mm.eg.db Please provide package anchors for all Rd \link{} targets not in the package itself and the base packages. Flavors: r-devel-linux-x86_64-debian-gcc, r-devel-windows-x86_64

Version: 1.0.0
Check: package dependencies
Result: ERROR Packages required but not available: 'org.Dr.eg.db', 'org.Mm.eg.db' See section ‘The DESCRIPTION file’ in the ‘Writing R Extensions’ manual. Flavors: r-release-macos-arm64, r-oldrel-macos-x86_64