Last updated on 2021-03-06 16:46:54 CET.
Flavor | Version | Tinstall | Tcheck | Ttotal | Status | Flags |
---|---|---|---|---|---|---|
r-devel-linux-x86_64-debian-clang | 3.1.1 | 77.33 | 277.54 | 354.87 | OK | |
r-devel-linux-x86_64-debian-gcc | 3.1.1 | 55.97 | 204.48 | 260.45 | OK | |
r-devel-linux-x86_64-fedora-clang | 3.1.1 | 443.49 | NOTE | |||
r-devel-linux-x86_64-fedora-gcc | 3.1.1 | 424.51 | OK | |||
r-devel-windows-ix86+x86_64 | 3.1.1 | 150.00 | 398.00 | 548.00 | OK | |
r-patched-linux-x86_64 | 3.1.1 | OK | ||||
r-patched-solaris-x86 | 3.1.1 | 527.90 | OK | |||
r-release-linux-x86_64 | 3.1.1 | 61.18 | 253.37 | 314.55 | OK | |
r-release-macos-x86_64 | 3.1.1 | NOTE | ||||
r-release-windows-ix86+x86_64 | 3.1.1 | 105.00 | 300.00 | 405.00 | OK | |
r-oldrel-macos-x86_64 | 3.1.1 | NOTE | ||||
r-oldrel-windows-ix86+x86_64 | 3.1.1 | 100.00 | 289.00 | 389.00 | OK |
Version: 3.1.1
Check: installed package size
Result: NOTE
installed size is 5.8Mb
sub-directories of 1Mb or more:
libs 4.4Mb
Flavors: r-devel-linux-x86_64-fedora-clang, r-release-macos-x86_64, r-oldrel-macos-x86_64