CRAN Package Check Results for Package CASCORE

Last updated on 2023-03-23 02:49:38 CET.

Flavor Version Tinstall Tcheck Ttotal Status Flags
r-devel-linux-x86_64-debian-clang 0.1.1 2.53 24.66 27.19 OK
r-devel-linux-x86_64-debian-gcc 0.1.1 2.10 19.31 21.41 OK
r-devel-linux-x86_64-fedora-clang 0.1.1 35.61 NOTE
r-devel-linux-x86_64-fedora-gcc 0.1.1 32.99 NOTE
r-devel-windows-x86_64 0.1.1 15.00 57.00 72.00 OK
r-patched-linux-x86_64 0.1.1 2.36 24.77 27.13 OK
r-release-linux-x86_64 0.1.1 2.43 25.21 27.64 OK
r-release-macos-arm64 0.1.1 16.00 NOTE
r-release-macos-x86_64 0.1.1 22.00 NOTE
r-release-windows-x86_64 0.1.1 12.00 52.00 64.00 OK
r-oldrel-macos-arm64 0.1.1 19.00 NOTE
r-oldrel-macos-x86_64 0.1.1 25.00 NOTE
r-oldrel-windows-ix86+x86_64 0.1.1 7.00 49.00 56.00 OK

Check Details

Version: 0.1.1
Check: dependencies in R code
Result: NOTE
    Namespaces in Imports field not imported from:
     ‘igraph’ ‘reshape2’
     All declared Imports should be used.
Flavors: r-devel-linux-x86_64-fedora-clang, r-devel-linux-x86_64-fedora-gcc, r-release-macos-arm64, r-release-macos-x86_64, r-oldrel-macos-arm64, r-oldrel-macos-x86_64