CRAN Package Check Results for Package CATT

Last updated on 2024-06-13 13:49:05 CEST.

Flavor Version Tinstall Tcheck Ttotal Status Flags
r-devel-linux-x86_64-debian-clang 2.0 2.10 19.60 21.70 NOTE
r-devel-linux-x86_64-debian-gcc 2.0 1.53 15.80 17.33 NOTE
r-devel-linux-x86_64-fedora-clang 2.0 28.55 NOTE
r-devel-linux-x86_64-fedora-gcc 2.0 27.01 NOTE
r-devel-windows-x86_64 2.0 2.00 36.00 38.00 NOTE
r-patched-linux-x86_64 2.0 1.97 19.29 21.26 NOTE
r-release-linux-x86_64 2.0 1.87 19.68 21.55 NOTE
r-release-macos-arm64 2.0 14.00 NOTE
r-release-macos-x86_64 2.0 22.00 NOTE
r-release-windows-x86_64 2.0 2.00 36.00 38.00 NOTE
r-oldrel-macos-arm64 2.0 15.00 NOTE
r-oldrel-macos-x86_64 2.0 18.00 NOTE
r-oldrel-windows-x86_64 2.0 3.00 36.00 39.00 NOTE

Check Details

Version: 2.0
Check: LazyData
Result: NOTE 'LazyData' is specified without a 'data' directory Flavors: r-devel-linux-x86_64-debian-clang, r-devel-linux-x86_64-debian-gcc, r-devel-linux-x86_64-fedora-clang, r-devel-linux-x86_64-fedora-gcc, r-devel-windows-x86_64, r-patched-linux-x86_64, r-release-linux-x86_64, r-release-macos-arm64, r-release-macos-x86_64, r-release-windows-x86_64, r-oldrel-macos-arm64, r-oldrel-macos-x86_64, r-oldrel-windows-x86_64