CRAN Package Check Results for Package CCTpack

Last updated on 2021-03-07 15:47:30 CET.

Flavor Version Tinstall Tcheck Ttotal Status Flags
r-devel-linux-x86_64-debian-clang 1.5.2 17.30 76.60 93.90 NOTE
r-devel-linux-x86_64-debian-gcc 1.5.2 11.75 58.36 70.11 NOTE
r-devel-linux-x86_64-fedora-clang 1.5.2 125.95 NOTE
r-devel-linux-x86_64-fedora-gcc 1.5.2 116.01 NOTE
r-devel-windows-ix86+x86_64 1.5.2 22.00 90.00 112.00 OK
r-devel-windows-x86_64-gcc10-UCRT 1.5.2 OK
r-patched-linux-x86_64 1.5.2 16.64 70.65 87.29 NOTE
r-patched-solaris-x86 1.5.2 152.00 NOTE
r-release-linux-x86_64 1.5.2 17.51 71.34 88.85 NOTE
r-release-macos-x86_64 1.5.2 OK
r-release-windows-ix86+x86_64 1.5.2 15.00 62.00 77.00 OK
r-oldrel-macos-x86_64 1.5.2 OK
r-oldrel-windows-ix86+x86_64 1.5.2 15.00 58.00 73.00 OK

Check Details

Version: 1.5.2
Check: for non-standard things in the check directory
Result: NOTE
    Found the following files/directories:
     'hotcold.csv'
Flavors: r-devel-linux-x86_64-debian-clang, r-devel-linux-x86_64-debian-gcc, r-devel-linux-x86_64-fedora-clang, r-devel-linux-x86_64-fedora-gcc, r-patched-linux-x86_64, r-patched-solaris-x86, r-release-linux-x86_64