Last updated on 2023-06-06 06:53:40 CEST.
Flavor | Version | Tinstall | Tcheck | Ttotal | Status | Flags |
---|---|---|---|---|---|---|
r-devel-linux-x86_64-debian-clang | 1.0.3 | 38.37 | 241.89 | 280.26 | NOTE | |
r-devel-linux-x86_64-debian-gcc | 1.0.3 | 26.90 | 181.98 | 208.88 | NOTE | |
r-devel-linux-x86_64-fedora-clang | 1.0.3 | 365.98 | NOTE | |||
r-devel-linux-x86_64-fedora-gcc | 1.0.3 | 361.44 | NOTE | |||
r-devel-windows-x86_64 | 1.0.3 | 35.00 | 284.00 | 319.00 | NOTE | |
r-patched-linux-x86_64 | 1.0.3 | 37.19 | 238.69 | 275.88 | NOTE | |
r-release-linux-x86_64 | 1.0.3 | 32.45 | 238.59 | 271.04 | NOTE | |
r-release-macos-arm64 | 1.0.3 | 91.00 | NOTE | |||
r-release-macos-x86_64 | 1.0.3 | 196.00 | NOTE | |||
r-release-windows-x86_64 | 1.0.3 | 43.00 | 320.00 | 363.00 | NOTE | |
r-oldrel-macos-arm64 | 1.0.3 | 88.00 | OK | |||
r-oldrel-macos-x86_64 | 1.0.3 | 133.00 | OK | |||
r-oldrel-windows-x86_64 | 1.0.3 | 41.00 | 326.00 | 367.00 | OK |
Version: 1.0.3
Check: C++ specification
Result: NOTE
Specified C++11: please drop specification unless essential
Flavors: r-devel-linux-x86_64-debian-clang, r-devel-linux-x86_64-debian-gcc, r-devel-linux-x86_64-fedora-clang, r-devel-linux-x86_64-fedora-gcc, r-devel-windows-x86_64, r-patched-linux-x86_64, r-release-linux-x86_64, r-release-macos-arm64, r-release-macos-x86_64, r-release-windows-x86_64