CRAN Package Check Results for Package CHNOSZ

Last updated on 2020-02-27 20:48:21 CET.

Flavor Version Tinstall Tcheck Ttotal Status Flags
r-devel-linux-x86_64-debian-clang 1.3.5 26.97 340.10 367.07 ERROR
r-devel-linux-x86_64-debian-gcc 1.3.5 19.61 258.89 278.50 ERROR
r-devel-linux-x86_64-fedora-clang 1.3.5 456.88 OK
r-devel-linux-x86_64-fedora-gcc 1.3.5 422.87 OK
r-devel-windows-ix86+x86_64 1.3.5 48.00 604.00 652.00 OK
r-devel-windows-ix86+x86_64-gcc8 1.3.5 36.00 460.00 496.00 OK
r-patched-linux-x86_64 1.3.5 24.59 322.64 347.23 OK
r-patched-solaris-x86 1.3.5 528.90 OK
r-release-linux-x86_64 1.3.5 23.51 321.10 344.61 OK
r-release-windows-ix86+x86_64 1.3.5 35.00 431.00 466.00 OK
r-release-osx-x86_64 1.3.5 OK
r-oldrel-windows-ix86+x86_64 1.3.5 30.00 436.00 466.00 OK
r-oldrel-osx-x86_64 1.3.5 OK

Check Details

Version: 1.3.5
Check: tests
Result: ERROR
     Running 'testthat.R' [67s/79s]
    Running the tests in 'tests/testthat.R' failed.
    Complete output:
     > library(testthat)
     > library(CHNOSZ)
     CHNOSZ version 1.3.5 (2020-02-16)
     reset: creating "thermo" object
     obigt: loading default database with 1849 aqueous, 3374 total species
     >
     > # as fix for https://github.com/hadley/testthat/issues/129, https://github.com/hadley/testthat/issues/144
     > # (since we use makeCluster() etc via palply)
     > Sys.setenv("R_TESTS" = "")
     >
     > test_check("CHNOSZ")
     -- 1. Failure: add.protein works as expected (@test-add.protein.R#13) ---------
     `ip <- add.protein(aa)` did not throw an error.
    
     == testthat results ===========================================================
     [ OK: 568 | SKIPPED: 0 | WARNINGS: 4 | FAILED: 1 ]
     1. Failure: add.protein works as expected (@test-add.protein.R#13)
    
     Error: testthat unit tests failed
     Execution halted
Flavor: r-devel-linux-x86_64-debian-clang

Version: 1.3.5
Check: tests
Result: ERROR
     Running ‘testthat.R’ [53s/88s]
    Running the tests in ‘tests/testthat.R’ failed.
    Complete output:
     > library(testthat)
     > library(CHNOSZ)
     CHNOSZ version 1.3.5 (2020-02-16)
     reset: creating "thermo" object
     obigt: loading default database with 1849 aqueous, 3374 total species
     >
     > # as fix for https://github.com/hadley/testthat/issues/129, https://github.com/hadley/testthat/issues/144
     > # (since we use makeCluster() etc via palply)
     > Sys.setenv("R_TESTS" = "")
     >
     > test_check("CHNOSZ")
     ── 1. Failure: add.protein works as expected (@test-add.protein.R#13) ─────────
     `ip <- add.protein(aa)` did not throw an error.
    
     ══ testthat results ═══════════════════════════════════════════════════════════
     [ OK: 568 | SKIPPED: 0 | WARNINGS: 4 | FAILED: 1 ]
     1. Failure: add.protein works as expected (@test-add.protein.R#13)
    
     Error: testthat unit tests failed
     Execution halted
Flavor: r-devel-linux-x86_64-debian-gcc