CRAN Package Check Results for Package CHsharp

Last updated on 2022-08-17 06:51:12 CEST.

Flavor Version Tinstall Tcheck Ttotal Status Flags
r-devel-linux-x86_64-debian-clang 0.4 2.45 24.95 27.40 OK
r-devel-linux-x86_64-debian-gcc 0.4 OK
r-devel-linux-x86_64-fedora-clang 0.4 45.74 NOTE
r-devel-linux-x86_64-fedora-gcc 0.4 45.97 NOTE
r-devel-windows-x86_64 0.4 15.00 50.00 65.00 OK
r-patched-linux-x86_64 0.4 2.87 24.37 27.24 OK
r-release-linux-x86_64 0.4 2.92 24.25 27.17 OK
r-release-macos-arm64 0.4 17.00 OK
r-release-macos-x86_64 0.4 22.00 OK
r-release-windows-x86_64 0.4 16.00 54.00 70.00 OK
r-oldrel-macos-arm64 0.4 23.00 OK
r-oldrel-macos-x86_64 0.4 28.00 OK
r-oldrel-windows-ix86+x86_64 0.4 9.00 59.00 68.00 OK

Check Details

Version: 0.4
Check: compiled code
Result: NOTE
    File ‘CHsharp/libs/CHsharp.so’:
     Found no calls to: ‘R_registerRoutines’, ‘R_useDynamicSymbols’
    
    It is good practice to register native routines and to disable symbol
    search.
    
    See ‘Writing portable packages’ in the ‘Writing R Extensions’ manual.
Flavors: r-devel-linux-x86_64-fedora-clang, r-devel-linux-x86_64-fedora-gcc