CRAN Package Check Results for Package CINNA

Last updated on 2022-06-30 14:53:19 CEST.

Flavor Version Tinstall Tcheck Ttotal Status Flags
r-devel-linux-x86_64-debian-clang 1.2.0 18.05 167.94 185.99 OK
r-devel-linux-x86_64-debian-gcc 1.2.0 14.21 126.90 141.11 OK
r-devel-linux-x86_64-fedora-clang 1.2.0 228.88 NOTE
r-devel-linux-x86_64-fedora-gcc 1.2.0 225.17 NOTE
r-devel-windows-x86_64 1.2.0 33.00 187.00 220.00 OK
r-patched-linux-x86_64 1.2.0 14.99 162.85 177.84 OK
r-release-linux-x86_64 1.2.0 14.14 158.74 172.88 OK
r-release-macos-arm64 1.2.0 65.00 NOTE
r-release-macos-x86_64 1.2.0 106.00 NOTE
r-release-windows-x86_64 1.2.0 29.00 190.00 219.00 OK
r-oldrel-macos-arm64 1.2.0 59.00 NOTE
r-oldrel-macos-x86_64 1.2.0 89.00 NOTE
r-oldrel-windows-ix86+x86_64 1.2.0 37.00 190.00 227.00 OK

Check Details

Version: 1.2.0
Check: dependencies in R code
Result: NOTE
    Namespace in Imports field not imported from: ‘circlize’
     All declared Imports should be used.
Flavors: r-devel-linux-x86_64-fedora-clang, r-devel-linux-x86_64-fedora-gcc, r-release-macos-arm64, r-release-macos-x86_64, r-oldrel-macos-arm64, r-oldrel-macos-x86_64