CRAN Package Check Results for Package COMIX

Last updated on 2024-05-29 13:08:22 CEST.

Flavor Version Tinstall Tcheck Ttotal Status Flags
r-devel-linux-x86_64-debian-clang 1.0.0 160.98 81.99 242.97 NOTE
r-devel-linux-x86_64-debian-gcc 1.0.0 121.84 62.68 184.52 NOTE
r-devel-linux-x86_64-fedora-clang 1.0.0 343.92 NOTE
r-devel-linux-x86_64-fedora-gcc 1.0.0 382.16 NOTE
r-devel-windows-x86_64 1.0.0 126.00 104.00 230.00 NOTE
r-patched-linux-x86_64 1.0.0 137.66 81.66 219.32 NOTE
r-release-linux-x86_64 1.0.0 141.84 80.35 222.19 NOTE
r-release-macos-arm64 1.0.0 76.00 NOTE
r-release-windows-x86_64 1.0.0 127.00 102.00 229.00 NOTE
r-oldrel-macos-arm64 1.0.0 88.00 NOTE
r-oldrel-macos-x86_64 1.0.0 156.00 NOTE
r-oldrel-windows-x86_64 1.0.0 154.00 120.00 274.00 NOTE

Check Details

Version: 1.0.0
Check: C++ specification
Result: NOTE Specified C++11: please drop specification unless essential Flavors: r-devel-linux-x86_64-debian-clang, r-devel-linux-x86_64-debian-gcc, r-devel-linux-x86_64-fedora-clang, r-devel-linux-x86_64-fedora-gcc, r-devel-windows-x86_64, r-patched-linux-x86_64, r-release-linux-x86_64, r-release-macos-arm64, r-release-windows-x86_64, r-oldrel-macos-arm64, r-oldrel-macos-x86_64, r-oldrel-windows-x86_64

Version: 1.0.0
Check: installed package size
Result: NOTE installed size is 16.2Mb sub-directories of 1Mb or more: doc 1.8Mb libs 14.2Mb Flavors: r-release-macos-arm64, r-oldrel-macos-arm64, r-oldrel-macos-x86_64