CRAN Package Check Results for Package CSGo

Last updated on 2022-01-19 04:48:21 CET.

Flavor Version Tinstall Tcheck Ttotal Status Flags
r-devel-linux-x86_64-debian-clang 0.6.7 2.54 36.16 38.70 OK
r-devel-linux-x86_64-debian-gcc 0.6.7 2.16 31.48 33.64 OK
r-devel-linux-x86_64-fedora-clang 0.6.7 50.45 NOTE
r-devel-linux-x86_64-fedora-gcc 0.6.7 36.46 NOTE
r-devel-windows-x86_64-new-UL 0.6.7 30.00 66.00 96.00 OK
r-devel-windows-x86_64-new-TK 0.6.7 NOTE
r-patched-linux-x86_64 0.6.7 2.33 34.76 37.09 OK
r-release-linux-x86_64 0.6.7 OK
r-release-macos-arm64 0.6.7 NOTE
r-release-macos-x86_64 0.6.7 NOTE
r-release-windows-ix86+x86_64 0.6.7 6.00 46.00 52.00 OK
r-oldrel-macos-x86_64 0.6.7 NOTE
r-oldrel-windows-ix86+x86_64 0.6.7 6.00 46.00 52.00 OK

Check Details

Version: 0.6.7
Check: dependencies in R code
Result: NOTE
    Namespaces in Imports field not imported from:
     ‘extrafont’ ‘future’
     All declared Imports should be used.
Flavors: r-devel-linux-x86_64-fedora-clang, r-devel-linux-x86_64-fedora-gcc, r-devel-windows-x86_64-new-TK, r-release-macos-arm64, r-release-macos-x86_64, r-oldrel-macos-x86_64