CRAN Package Check Results for Package CTM

Last updated on 2022-12-09 16:51:22 CET.

Flavor Version Tinstall Tcheck Ttotal Status Flags
r-devel-linux-x86_64-debian-clang 0.2 3.27 32.64 35.91 NOTE
r-devel-linux-x86_64-debian-gcc 0.2 2.28 26.24 28.52 NOTE
r-devel-linux-x86_64-fedora-clang 0.2 56.01 NOTE
r-devel-linux-x86_64-fedora-gcc 0.2 52.88 NOTE
r-devel-windows-x86_64 0.2 7.00 64.00 71.00 NOTE
r-patched-linux-x86_64 0.2 2.57 33.05 35.62 NOTE
r-release-linux-x86_64 0.2 2.63 32.57 35.20 NOTE
r-release-macos-arm64 0.2 21.00 NOTE
r-release-macos-x86_64 0.2 24.00 NOTE
r-release-windows-x86_64 0.2 8.00 63.00 71.00 NOTE
r-oldrel-macos-arm64 0.2 23.00 NOTE
r-oldrel-macos-x86_64 0.2 34.00 NOTE
r-oldrel-windows-ix86+x86_64 0.2 7.00 62.00 69.00 NOTE

Check Details

Version: 0.2
Check: LazyData
Result: NOTE
     'LazyData' is specified without a 'data' directory
Flavors: r-devel-linux-x86_64-debian-clang, r-devel-linux-x86_64-debian-gcc, r-devel-linux-x86_64-fedora-clang, r-devel-linux-x86_64-fedora-gcc, r-devel-windows-x86_64, r-patched-linux-x86_64, r-release-linux-x86_64, r-release-macos-arm64, r-release-macos-x86_64, r-release-windows-x86_64, r-oldrel-macos-arm64, r-oldrel-macos-x86_64, r-oldrel-windows-ix86+x86_64