Last updated on 2023-11-30 07:52:29 CET.
Flavor | Version | Tinstall | Tcheck | Ttotal | Status | Flags |
---|---|---|---|---|---|---|
r-devel-linux-x86_64-debian-clang | 0.2.0 | 7.38 | 53.79 | 61.17 | NOTE | |
r-devel-linux-x86_64-debian-gcc | 0.2.0 | 6.24 | 40.94 | 47.18 | NOTE | |
r-devel-linux-x86_64-fedora-clang | 0.2.0 | 75.26 | NOTE | |||
r-devel-linux-x86_64-fedora-gcc | 0.2.0 | 71.87 | NOTE | |||
r-devel-windows-x86_64 | 0.2.0 | 8.00 | 64.00 | 72.00 | NOTE | |
r-patched-linux-x86_64 | 0.2.0 | 10.58 | 52.03 | 62.61 | NOTE | |
r-release-linux-x86_64 | 0.2.0 | 4.73 | 50.13 | 54.86 | NOTE | |
r-release-macos-arm64 | 0.2.0 | 26.00 | NOTE | |||
r-release-macos-x86_64 | 0.2.0 | 37.00 | NOTE | |||
r-release-windows-x86_64 | 0.2.0 | 11.00 | 71.00 | 82.00 | NOTE | |
r-oldrel-macos-arm64 | 0.2.0 | 24.00 | NOTE | |||
r-oldrel-macos-x86_64 | 0.2.0 | 41.00 | NOTE | |||
r-oldrel-windows-x86_64 | 0.2.0 | 12.00 | 72.00 | 84.00 | NOTE |
Version: 0.2.0
Check: LazyData
Result: NOTE
'LazyData' is specified without a 'data' directory
Flavors: r-devel-linux-x86_64-debian-clang, r-devel-linux-x86_64-debian-gcc, r-devel-linux-x86_64-fedora-clang, r-devel-linux-x86_64-fedora-gcc, r-devel-windows-x86_64, r-patched-linux-x86_64, r-release-linux-x86_64, r-release-macos-arm64, r-release-macos-x86_64, r-release-windows-x86_64, r-oldrel-macos-arm64, r-oldrel-macos-x86_64, r-oldrel-windows-x86_64
Version: 0.2.0
Check: dependencies in R code
Result: NOTE
Namespaces in Imports field not imported from:
‘htmltools’ ‘shinydashboard’
All declared Imports should be used.
Flavors: r-devel-linux-x86_64-fedora-clang, r-devel-linux-x86_64-fedora-gcc, r-oldrel-macos-arm64, r-oldrel-macos-x86_64