CRAN Package Check Results for Package CaPO4Sim

Last updated on 2019-09-17 07:48:55 CEST.

Flavor Version Tinstall Tcheck Ttotal Status Flags
r-devel-linux-x86_64-debian-clang 0.1.0 6.00 34.27 40.27 OK
r-devel-linux-x86_64-debian-gcc 0.1.0 OK
r-devel-linux-x86_64-fedora-clang 0.1.0 49.97 NOTE
r-devel-linux-x86_64-fedora-gcc 0.1.0 48.26 NOTE
r-devel-windows-ix86+x86_64 0.1.0 27.00 71.00 98.00 OK
r-patched-linux-x86_64 0.1.0 5.88 34.83 40.71 OK
r-patched-solaris-x86 0.1.0 73.60 NOTE
r-release-linux-x86_64 0.1.0 5.45 35.52 40.97 OK
r-release-windows-ix86+x86_64 0.1.0 15.00 62.00 77.00 OK
r-release-osx-x86_64 0.1.0 NOTE
r-oldrel-windows-ix86+x86_64 0.1.0 13.00 63.00 76.00 OK
r-oldrel-osx-x86_64 0.1.0 NOTE

Check Details

Version: 0.1.0
Check: dependencies in R code
Result: NOTE
    Namespace in Imports field not imported from: ‘htmltools’
     All declared Imports should be used.
Flavors: r-devel-linux-x86_64-fedora-clang, r-devel-linux-x86_64-fedora-gcc, r-patched-solaris-x86, r-release-osx-x86_64, r-oldrel-osx-x86_64