Last updated on 2022-08-16 13:49:12 CEST.
Flavor | Version | Tinstall | Tcheck | Ttotal | Status | Flags |
---|---|---|---|---|---|---|
r-devel-linux-x86_64-debian-clang | 1.3.0 | 12.64 | 111.07 | 123.71 | NOTE | |
r-devel-linux-x86_64-debian-gcc | 1.3.0 | 8.37 | 82.99 | 91.36 | NOTE | |
r-devel-linux-x86_64-fedora-clang | 1.3.0 | 155.30 | NOTE | |||
r-devel-linux-x86_64-fedora-gcc | 1.3.0 | 158.13 | NOTE | |||
r-devel-windows-x86_64 | 1.3.0 | 24.00 | 132.00 | 156.00 | NOTE | |
r-patched-linux-x86_64 | 1.3.0 | 9.45 | 107.15 | 116.60 | NOTE | |
r-release-linux-x86_64 | 1.3.0 | 10.72 | 105.98 | 116.70 | NOTE | |
r-release-macos-arm64 | 1.3.0 | 49.00 | NOTE | |||
r-release-macos-x86_64 | 1.3.0 | 62.00 | NOTE | |||
r-release-windows-x86_64 | 1.3.0 | 58.00 | 131.00 | 189.00 | NOTE | |
r-oldrel-macos-arm64 | 1.3.0 | 46.00 | NOTE | |||
r-oldrel-macos-x86_64 | 1.3.0 | 74.00 | NOTE | |||
r-oldrel-windows-ix86+x86_64 | 1.3.0 | 20.00 | 130.00 | 150.00 | NOTE |
Version: 1.3.0
Check: package dependencies
Result: NOTE
Package suggested but not available for checking: 'ReGenesees'
Flavors: r-devel-linux-x86_64-debian-clang, r-devel-linux-x86_64-debian-gcc, r-devel-linux-x86_64-fedora-clang, r-devel-linux-x86_64-fedora-gcc, r-devel-windows-x86_64, r-patched-linux-x86_64, r-release-linux-x86_64, r-release-macos-arm64, r-release-macos-x86_64, r-release-windows-x86_64, r-oldrel-macos-arm64, r-oldrel-macos-x86_64, r-oldrel-windows-ix86+x86_64