Last updated on 2023-06-03 03:57:28 CEST.
Flavor | Version | Tinstall | Tcheck | Ttotal | Status | Flags |
---|---|---|---|---|---|---|
r-devel-linux-x86_64-debian-clang | 1.3.0 | 15.59 | 177.42 | 193.01 | NOTE | |
r-devel-linux-x86_64-debian-gcc | 1.3.0 | 11.15 | 131.33 | 142.48 | NOTE | |
r-devel-linux-x86_64-fedora-clang | 1.3.0 | 236.58 | NOTE | |||
r-devel-linux-x86_64-fedora-gcc | 1.3.0 | 253.60 | NOTE | |||
r-devel-windows-x86_64 | 1.3.0 | 14.00 | 151.00 | 165.00 | OK | |
r-patched-linux-x86_64 | 1.3.0 | NOTE | ||||
r-release-linux-x86_64 | 1.3.0 | 14.57 | 167.54 | 182.11 | NOTE | |
r-release-macos-arm64 | 1.3.0 | 73.00 | OK | |||
r-release-macos-x86_64 | 1.3.0 | 132.00 | OK | |||
r-release-windows-x86_64 | 1.3.0 | 18.00 | 184.00 | 202.00 | OK | |
r-oldrel-macos-arm64 | 1.3.0 | 67.00 | OK | |||
r-oldrel-macos-x86_64 | 1.3.0 | 129.00 | OK | |||
r-oldrel-windows-x86_64 | 1.3.0 | 19.00 | 179.00 | 198.00 | OK |
Version: 1.3.0
Check: for non-standard things in the check directory
Result: NOTE
Found the following files/directories:
‘MDA231_tree.pdf’
Flavors: r-devel-linux-x86_64-debian-clang, r-devel-linux-x86_64-debian-gcc, r-devel-linux-x86_64-fedora-clang, r-devel-linux-x86_64-fedora-gcc, r-patched-linux-x86_64, r-release-linux-x86_64