CRAN Package Check Results for Package Carlson

Last updated on 2022-01-23 21:48:08 CET.

Flavor Version Tinstall Tcheck Ttotal Status Flags
r-devel-linux-x86_64-debian-clang 1.0.1 2.51 31.86 34.37 NOTE
r-devel-linux-x86_64-debian-gcc 1.0.1 1.99 27.29 29.28 NOTE
r-devel-linux-x86_64-fedora-clang 1.0.1 46.15 NOTE
r-devel-linux-x86_64-fedora-gcc 1.0.1 32.07 NOTE
r-devel-windows-x86_64-new-UL 1.0.1 22.00 50.00 72.00 NOTE
r-devel-windows-x86_64-new-TK 1.0.1 NOTE
r-patched-linux-x86_64 1.0.1 2.06 30.84 32.90 NOTE
r-release-linux-x86_64 1.0.1 1.69 30.90 32.59 NOTE
r-release-macos-arm64 1.0.1 NOTE
r-release-macos-x86_64 1.0.1 NOTE
r-release-windows-ix86+x86_64 1.0.1 6.00 41.00 47.00 NOTE
r-oldrel-macos-x86_64 1.0.1 OK
r-oldrel-windows-ix86+x86_64 1.0.1 5.00 41.00 46.00 OK

Check Details

Version: 1.0.1
Check: LazyData
Result: NOTE
     'LazyData' is specified without a 'data' directory
Flavors: r-devel-linux-x86_64-debian-clang, r-devel-linux-x86_64-debian-gcc, r-devel-linux-x86_64-fedora-clang, r-devel-linux-x86_64-fedora-gcc, r-devel-windows-x86_64-new-UL, r-devel-windows-x86_64-new-TK, r-patched-linux-x86_64, r-release-linux-x86_64, r-release-macos-arm64, r-release-macos-x86_64, r-release-windows-ix86+x86_64