CRAN Package Check Results for Package CausalKinetiX

Last updated on 2022-06-27 16:51:50 CEST.

Flavor Version Tinstall Tcheck Ttotal Status Flags
r-devel-linux-x86_64-debian-clang 0.2.1 11.31 109.79 121.10 NOTE
r-devel-linux-x86_64-debian-gcc 0.2.1 9.93 83.04 92.97 NOTE
r-devel-linux-x86_64-fedora-clang 0.2.1 155.21 NOTE
r-devel-linux-x86_64-fedora-gcc 0.2.1 164.87 NOTE
r-devel-windows-x86_64 0.2.1 29.00 129.00 158.00 NOTE
r-patched-linux-x86_64 0.2.1 12.70 104.99 117.69 NOTE
r-release-linux-x86_64 0.2.1 8.49 106.55 115.04 NOTE
r-release-macos-arm64 0.2.1 45.00 NOTE
r-release-macos-x86_64 0.2.1 72.00 NOTE
r-release-windows-x86_64 0.2.1 35.00 132.00 167.00 NOTE
r-oldrel-macos-arm64 0.2.1 46.00 NOTE
r-oldrel-macos-x86_64 0.2.1 72.00 NOTE
r-oldrel-windows-ix86+x86_64 0.2.1 29.00 128.00 157.00 NOTE

Check Details

Version: 0.2.1
Check: LazyData
Result: NOTE
     'LazyData' is specified without a 'data' directory
Flavors: r-devel-linux-x86_64-debian-clang, r-devel-linux-x86_64-debian-gcc, r-devel-linux-x86_64-fedora-clang, r-devel-linux-x86_64-fedora-gcc, r-devel-windows-x86_64, r-patched-linux-x86_64, r-release-linux-x86_64, r-release-macos-arm64, r-release-macos-x86_64, r-release-windows-x86_64, r-oldrel-macos-arm64, r-oldrel-macos-x86_64, r-oldrel-windows-ix86+x86_64