CRAN Package Check Results for Package CensSpatial

Last updated on 2020-11-25 08:50:32 CET.

Flavor Version Tinstall Tcheck Ttotal Status Flags
r-devel-linux-x86_64-debian-clang 2.58 22.87 164.15 187.02 OK
r-devel-linux-x86_64-debian-gcc 2.58 18.10 126.02 144.12 OK
r-devel-linux-x86_64-fedora-clang 2.58 239.49 OK
r-devel-linux-x86_64-fedora-gcc 2.58 227.70 OK
r-devel-windows-ix86+x86_64 2.58 37.00 172.00 209.00 OK
r-patched-linux-x86_64 2.58 21.27 159.67 180.94 OK
r-patched-solaris-x86 2.58 332.60 OK
r-release-linux-x86_64 2.58 22.03 157.21 179.24 OK
r-release-macos-x86_64 2.58 OK
r-release-windows-ix86+x86_64 2.58 40.00 140.00 180.00 OK
r-oldrel-macos-x86_64 2.58 WARN
r-oldrel-windows-ix86+x86_64 2.58 23.00 170.00 193.00 OK

Additional issues

donttest

Check Details

Version: 2.58
Check: dependencies in R code
Result: NOTE
    No protocol specified
    No protocol specified
Flavor: r-oldrel-macos-x86_64

Version: 2.58
Check: S3 generic/method consistency
Result: WARN
    No protocol specified
    No protocol specified
    See section ‘Generic functions and methods’ in the ‘Writing R
    Extensions’ manual.
Flavor: r-oldrel-macos-x86_64

Version: 2.58
Check: replacement functions
Result: WARN
    No protocol specified
    No protocol specified
    The argument of a replacement function which corresponds to the right
    hand side must be named ‘value’.
Flavor: r-oldrel-macos-x86_64

Version: 2.58
Check: foreign function calls
Result: NOTE
    No protocol specified
    No protocol specified
    See chapter ‘System and foreign language interfaces’ in the ‘Writing R
    Extensions’ manual.
Flavor: r-oldrel-macos-x86_64

Version: 2.58
Check: R code for possible problems
Result: NOTE
    No protocol specified
    No protocol specified
Flavor: r-oldrel-macos-x86_64

Version: 2.58
Check: for missing documentation entries
Result: WARN
    No protocol specified
    No protocol specified
    All user-level objects in a package should have documentation entries.
    See chapter ‘Writing R documentation files’ in the ‘Writing R
    Extensions’ manual.
Flavor: r-oldrel-macos-x86_64

Version: 2.58
Check: for code/documentation mismatches
Result: WARN
    No protocol specified
    No protocol specified
    No protocol specified
    No protocol specified
    No protocol specified
    No protocol specified
Flavor: r-oldrel-macos-x86_64

Version: 2.58
Check: Rd \usage sections
Result: NOTE
    No protocol specified
    No protocol specified
    The \usage entries for S3 methods should use the \method markup and not
    their full name.
    See chapter ‘Writing R documentation files’ in the ‘Writing R
    Extensions’ manual.
Flavor: r-oldrel-macos-x86_64