CRAN Package Check Results for Package Certara.R

Last updated on 2022-10-05 07:51:31 CEST.

Flavor Version Tinstall Tcheck Ttotal Status Flags
r-devel-linux-x86_64-debian-clang 1.0.0 2.74 21.92 24.66 OK
r-devel-linux-x86_64-debian-gcc 1.0.0 2.00 17.31 19.31 OK
r-devel-linux-x86_64-fedora-clang 1.0.0 44.84 NOTE
r-devel-linux-x86_64-fedora-gcc 1.0.0 40.98 NOTE
r-devel-windows-x86_64 1.0.0 12.00 50.00 62.00 OK
r-patched-linux-x86_64 1.0.0 2.43 21.72 24.15 OK
r-release-linux-x86_64 1.0.0 2.64 21.48 24.12 OK
r-release-macos-arm64 1.0.0 15.00 NOTE
r-release-macos-x86_64 1.0.0 22.00 NOTE
r-release-windows-x86_64 1.0.0 17.00 47.00 64.00 OK
r-oldrel-macos-arm64 1.0.0 14.00 NOTE
r-oldrel-macos-x86_64 1.0.0 19.00 NOTE
r-oldrel-windows-ix86+x86_64 1.0.0 9.00 49.00 58.00 OK

Check Details

Version: 1.0.0
Check: dependencies in R code
Result: NOTE
    Namespaces in Imports field not imported from:
     ‘DT’ ‘batchtools’ ‘data.table’ ‘dplyr’ ‘ggplot2’ ‘htmltools’
     ‘jsonlite’ ‘magrittr’ ‘methods’ ‘plotly’ ‘reshape’ ‘rlang’ ‘shiny’
     ‘shinyWidgets’ ‘shinyjqui’ ‘shinyjs’ ‘shinymaterial’ ‘sortable’ ‘ssh’
     ‘xml2’
     All declared Imports should be used.
Flavors: r-devel-linux-x86_64-fedora-clang, r-devel-linux-x86_64-fedora-gcc, r-release-macos-arm64, r-release-macos-x86_64, r-oldrel-macos-arm64, r-oldrel-macos-x86_64