CRAN Package Check Results for Package ChemoSpec2D

Last updated on 2019-08-19 07:49:32 CEST.

Flavor Version Tinstall Tcheck Ttotal Status Flags
r-devel-linux-x86_64-debian-clang 0.3.166 4.91 52.31 57.22 OK
r-devel-linux-x86_64-debian-gcc 0.3.166 3.77 41.49 45.26 OK
r-devel-linux-x86_64-fedora-clang 0.3.166 96.38 WARN
r-devel-linux-x86_64-fedora-gcc 0.3.166 92.98 WARN
r-devel-windows-ix86+x86_64 0.3.166 11.00 104.00 115.00 OK
r-patched-linux-x86_64 0.3.166 3.97 51.67 55.64 OK
r-patched-solaris-x86 0.3.166 85.40 OK
r-release-linux-x86_64 0.3.166 3.85 51.35 55.20 OK
r-release-windows-ix86+x86_64 0.3.166 8.00 67.00 75.00 OK
r-release-osx-x86_64 0.3.166 OK
r-oldrel-windows-ix86+x86_64 0.3.166 7.00 92.00 99.00 OK
r-oldrel-osx-x86_64 0.3.166 OK

Check Details

Version: 0.3.166
Check: re-building of vignette outputs
Result: WARN
    Error(s) in re-building vignettes:
    --- re-building ‘ChemoSpec2D.Rmd’ using rmarkdown
    tlmgr search --file --global '/tikzlibrarytopaths.code.tex'
    Trying to automatically install missing LaTeX packages...
    tlmgr install pgf
    tlmgr: package repository http://anorien.csc.warwick.ac.uk/mirrors/CTAN/systems/texlive/tlnet (verified)
    tlmgr install: package already present: pgf
    tlmgr path add
    add_link_dir_dir: /usr/local/share/info/dir exists; not making symlink.
    tlmgr search --file --global '/tikzlibrarytopaths.code.tex'
    ! LaTeX Error: Missing \begin{document}.
    
    Error: processing vignette 'ChemoSpec2D.Rmd' failed with diagnostics:
    Failed to compile ChemoSpec2D.tex. See https://yihui.name/tinytex/r/#debugging for debugging tips. See ChemoSpec2D.log for more info.
    --- failed re-building ‘ChemoSpec2D.Rmd’
    
    SUMMARY: processing the following file failed:
     ‘ChemoSpec2D.Rmd’
    
    Error: Vignette re-building failed.
    Execution halted
Flavors: r-devel-linux-x86_64-fedora-clang, r-devel-linux-x86_64-fedora-gcc