CRAN Package Check Results for Package Claddis

Last updated on 2019-07-22 06:47:35 CEST.

Flavor Version Tinstall Tcheck Ttotal Status Flags
r-devel-linux-x86_64-debian-clang 0.3.0 12.25 99.60 111.85 OK
r-devel-linux-x86_64-debian-gcc 0.3.0 10.77 78.80 89.57 OK
r-devel-linux-x86_64-fedora-clang 0.3.0 131.98 OK
r-devel-linux-x86_64-fedora-gcc 0.3.0 129.32 OK
r-devel-windows-ix86+x86_64 0.3.0 21.00 173.00 194.00 OK
r-patched-linux-x86_64 0.3.0 12.95 99.59 112.54 OK
r-patched-solaris-x86 0.3.0 196.60 OK
r-release-linux-x86_64 0.3.0 13.06 98.87 111.93 OK
r-release-windows-ix86+x86_64 0.3.0 21.00 109.00 130.00 OK
r-release-osx-x86_64 0.3.0 FAIL
r-oldrel-windows-ix86+x86_64 0.3.0 23.00 145.00 168.00 OK
r-oldrel-osx-x86_64 0.3.0 OK

Check Details

Version: 0.3.0
Check: dependencies in R code
Result: FAIL
    
Flavor: r-release-osx-x86_64