CRAN Package Check Results for Package Claddis

Last updated on 2019-11-14 01:54:10 CET.

Flavor Version Tinstall Tcheck Ttotal Status Flags
r-devel-linux-x86_64-debian-clang 0.3.0 13.94 101.92 115.86 OK
r-devel-linux-x86_64-debian-gcc 0.3.0 11.48 77.79 89.27 OK
r-devel-linux-x86_64-fedora-clang 0.3.0 151.63 OK
r-devel-linux-x86_64-fedora-gcc 0.3.0 137.20 OK
r-devel-windows-ix86+x86_64 0.3.0 40.00 104.00 144.00 OK
r-patched-linux-x86_64 0.3.0 12.40 97.23 109.63 OK
r-patched-solaris-x86 0.3.0 182.50 OK
r-release-linux-x86_64 0.3.0 12.44 97.83 110.27 OK
r-release-windows-ix86+x86_64 0.3.0 33.00 111.00 144.00 OK
r-release-osx-x86_64 0.3.0 FAIL
r-oldrel-windows-ix86+x86_64 0.3.0 17.00 145.00 162.00 OK
r-oldrel-osx-x86_64 0.3.0 OK

Check Details

Version: 0.3.0
Check: dependencies in R code
Result: FAIL
    
Flavor: r-release-osx-x86_64