CRAN Package Check Results for Package CluMP

Last updated on 2021-09-19 21:48:50 CEST.

Flavor Version Tinstall Tcheck Ttotal Status Flags
r-devel-linux-x86_64-debian-clang 0.8.1 6.70 67.85 74.55 OK
r-devel-linux-x86_64-debian-gcc 0.8.1 5.07 49.49 54.56 OK
r-devel-linux-x86_64-fedora-clang 0.8.1 95.15 OK
r-devel-linux-x86_64-fedora-gcc 0.8.1 82.93 OK
r-devel-windows-x86_64 0.8.1 8.00 64.00 72.00 OK
r-devel-windows-x86_64-gcc10-UCRT 0.8.1 ERROR
r-patched-linux-x86_64 0.8.1 5.90 62.08 67.98 OK
r-patched-solaris-x86 0.8.1 119.80 OK
r-release-linux-x86_64 0.8.1 6.32 62.24 68.56 OK
r-release-macos-arm64 0.8.1 OK
r-release-macos-x86_64 0.8.1 OK
r-release-windows-ix86+x86_64 0.8.1 16.00 84.00 100.00 OK
r-oldrel-macos-x86_64 0.8.1 OK
r-oldrel-windows-ix86+x86_64 0.8.1 17.00 86.00 103.00 OK

Check Details

Version: 0.8.1
Check: whether package can be installed
Result: WARN
    Found the following significant warnings:
     WARNING: installation-time patches will not be applied, could not get the patches index
Flavor: r-devel-windows-x86_64-gcc10-UCRT

Version: 0.8.1
Check: PDF version of manual
Result: WARN
    LaTeX errors when creating PDF version.
    This typically indicates Rd problems.
Flavor: r-devel-windows-x86_64-gcc10-UCRT

Version: 0.8.1
Check: PDF version of manual without hyperrefs or index
Result: ERROR
    Re-running with no redirection of stdout/stderr.
Flavor: r-devel-windows-x86_64-gcc10-UCRT