CRAN Package Check Results for Package ClustGeo

Last updated on 2021-12-04 10:52:27 CET.

Flavor Version Tinstall Tcheck Ttotal Status Flags
r-devel-linux-x86_64-debian-clang 2.1 2.41 44.48 46.89 OK
r-devel-linux-x86_64-debian-gcc 2.1 1.60 40.71 42.31 OK
r-devel-linux-x86_64-fedora-clang 2.1 68.13 NOTE
r-devel-linux-x86_64-fedora-gcc 2.1 59.31 NOTE
r-devel-windows-x86_64-new-UL 2.1 8.00 89.00 97.00 OK
r-devel-windows-x86_64-new-TK 2.1 NOTE
r-devel-windows-x86_64-old 2.1 5.00 51.00 56.00 OK
r-patched-linux-x86_64 2.1 2.73 42.03 44.76 OK
r-release-linux-x86_64 2.1 2.74 42.35 45.09 OK
r-release-macos-arm64 2.1 NOTE
r-release-macos-x86_64 2.1 NOTE
r-release-windows-ix86+x86_64 2.1 6.00 68.00 74.00 OK
r-oldrel-macos-x86_64 2.1 NOTE
r-oldrel-windows-ix86+x86_64 2.1 6.00 68.00 74.00 OK

Check Details

Version: 2.1
Check: dependencies in R code
Result: NOTE
    Namespaces in Imports field not imported from:
     ‘sp’ ‘spdep’
     All declared Imports should be used.
Flavors: r-devel-linux-x86_64-fedora-clang, r-devel-linux-x86_64-fedora-gcc, r-devel-windows-x86_64-new-TK, r-release-macos-arm64, r-release-macos-x86_64, r-oldrel-macos-x86_64