CRAN Package Check Results for Package CoOL

Last updated on 2021-08-02 10:52:13 CEST.

Flavor Version Tinstall Tcheck Ttotal Status Flags
r-devel-linux-x86_64-debian-clang 1.0.3 50.04 151.63 201.67 OK
r-devel-linux-x86_64-debian-gcc 1.0.3 36.81 112.77 149.58 OK
r-devel-linux-x86_64-fedora-clang 1.0.3 257.69 OK
r-devel-linux-x86_64-fedora-gcc 1.0.3 237.45 OK
r-devel-windows-x86_64 1.0.3 49.00 159.00 208.00 OK
r-devel-windows-x86_64-gcc10-UCRT 1.0.3 OK
r-patched-linux-x86_64 1.0.3 OK
r-patched-solaris-x86 1.0.3 311.50 OK
r-release-linux-x86_64 1.0.3 42.81 140.39 183.20 OK
r-release-macos-arm64 1.0.3 NOTE
r-release-macos-x86_64 1.0.3 NOTE
r-release-windows-ix86+x86_64 1.0.3 117.00 178.00 295.00 OK
r-oldrel-macos-x86_64 1.0.3 NOTE
r-oldrel-windows-ix86+x86_64 1.0.3 82.00 245.00 327.00 OK

Check Details

Version: 1.0.3
Check: package dependencies
Result: NOTE
    Package suggested but not available for checking: ‘ggtree’
Flavors: r-release-macos-arm64, r-release-macos-x86_64, r-oldrel-macos-x86_64