CRAN Package Check Results for Package ColorNameR

Last updated on 2024-05-25 13:47:53 CEST.

Flavor Version Tinstall Tcheck Ttotal Status Flags
r-devel-linux-x86_64-debian-clang 0.1.0 3.40 41.30 44.70 OK
r-devel-linux-x86_64-debian-gcc 0.1.0 2.39 30.25 32.64 OK
r-devel-linux-x86_64-fedora-clang 0.1.0 55.49 NOTE
r-devel-linux-x86_64-fedora-gcc 0.1.0 52.07 NOTE
r-devel-windows-x86_64 0.1.0 4.00 50.00 54.00 OK
r-patched-linux-x86_64 0.1.0 3.27 38.62 41.89 OK
r-release-linux-x86_64 0.1.0 3.30 39.02 42.32 OK
r-release-macos-arm64 0.1.0 21.00 OK
r-release-windows-x86_64 0.1.0 4.00 51.00 55.00 OK
r-oldrel-macos-arm64 0.1.0 21.00 OK
r-oldrel-macos-x86_64 0.1.0 30.00 OK
r-oldrel-windows-x86_64 0.1.0 5.00 51.00 56.00 OK

Check Details

Version: 0.1.0
Check: data for non-ASCII characters
Result: NOTE Note: found 742 marked UTF-8 strings Flavors: r-devel-linux-x86_64-fedora-clang, r-devel-linux-x86_64-fedora-gcc