CRAN Package Check Results for Package ConsRank

Last updated on 2020-02-21 00:49:37 CET.

Flavor Version Tinstall Tcheck Ttotal Status Flags
r-devel-linux-x86_64-debian-clang 2.1.0 7.26 68.86 76.12 OK
r-devel-linux-x86_64-debian-gcc 2.1.0 6.62 50.55 57.17 OK
r-devel-linux-x86_64-fedora-clang 2.1.0 92.43 OK
r-devel-linux-x86_64-fedora-gcc 2.1.0 87.06 OK
r-devel-windows-ix86+x86_64 2.1.0 17.00 73.00 90.00 OK
r-devel-windows-ix86+x86_64-gcc8 2.1.0 30.00 112.00 142.00 OK
r-patched-linux-x86_64 2.1.0 5.83 60.79 66.62 OK
r-patched-solaris-x86 2.1.0 112.20 OK
r-release-linux-x86_64 2.1.0 6.80 59.70 66.50 OK
r-release-windows-ix86+x86_64 2.1.0 12.00 78.00 90.00 OK
r-release-osx-x86_64 2.1.0 WARN
r-oldrel-windows-ix86+x86_64 2.1.0 9.00 71.00 80.00 OK
r-oldrel-osx-x86_64 2.1.0 WARN

Check Details

Version: 2.1.0
Check: whether package can be installed
Result: WARN
    Found the following significant warnings:
     Warning: 'rgl_init' failed, running with rgl.useNULL = TRUE
Flavors: r-release-osx-x86_64, r-oldrel-osx-x86_64

Version: 2.1.0
Check: dependencies in R code
Result: NOTE
    No protocol specified
Flavors: r-release-osx-x86_64, r-oldrel-osx-x86_64

Version: 2.1.0
Check: S3 generic/method consistency
Result: WARN
    No protocol specified
    See section ‘Generic functions and methods’ in the ‘Writing R
    Extensions’ manual.
Flavors: r-release-osx-x86_64, r-oldrel-osx-x86_64

Version: 2.1.0
Check: replacement functions
Result: WARN
    No protocol specified
    The argument of a replacement function which corresponds to the right
    hand side must be named ‘value’.
Flavors: r-release-osx-x86_64, r-oldrel-osx-x86_64

Version: 2.1.0
Check: foreign function calls
Result: NOTE
    No protocol specified
    See chapter ‘System and foreign language interfaces’ in the ‘Writing R
    Extensions’ manual.
Flavors: r-release-osx-x86_64, r-oldrel-osx-x86_64

Version: 2.1.0
Check: R code for possible problems
Result: NOTE
    No protocol specified
Flavors: r-release-osx-x86_64, r-oldrel-osx-x86_64

Version: 2.1.0
Check: for missing documentation entries
Result: WARN
    No protocol specified
    All user-level objects in a package should have documentation entries.
    See chapter ‘Writing R documentation files’ in the ‘Writing R
    Extensions’ manual.
Flavors: r-release-osx-x86_64, r-oldrel-osx-x86_64

Version: 2.1.0
Check: for code/documentation mismatches
Result: WARN
    No protocol specified
    No protocol specified
    No protocol specified
Flavors: r-release-osx-x86_64, r-oldrel-osx-x86_64

Version: 2.1.0
Check: Rd \usage sections
Result: NOTE
    No protocol specified
    The \usage entries for S3 methods should use the \method markup and not
    their full name.
    See chapter ‘Writing R documentation files’ in the ‘Writing R
    Extensions’ manual.
Flavors: r-release-osx-x86_64, r-oldrel-osx-x86_64