CRAN Package Check Results for Package ConsRank

Last updated on 2019-09-18 02:47:46 CEST.

Flavor Version Tinstall Tcheck Ttotal Status Flags
r-devel-linux-x86_64-debian-clang 2.0.1 5.61 65.55 71.16 OK
r-devel-linux-x86_64-debian-gcc 2.0.1 4.91 47.91 52.82 OK
r-devel-linux-x86_64-fedora-clang 2.0.1 82.52 OK
r-devel-linux-x86_64-fedora-gcc 2.0.1 81.05 OK
r-devel-windows-ix86+x86_64 2.0.1 27.00 79.00 106.00 OK
r-patched-linux-x86_64 2.0.1 5.20 63.40 68.60 OK
r-patched-solaris-x86 2.0.1 120.80 OK
r-release-linux-x86_64 2.0.1 5.33 64.50 69.83 OK
r-release-windows-ix86+x86_64 2.0.1 11.00 78.00 89.00 OK
r-release-osx-x86_64 2.0.1 WARN
r-oldrel-windows-ix86+x86_64 2.0.1 13.00 76.00 89.00 OK
r-oldrel-osx-x86_64 2.0.1 OK

Check Details

Version: 2.0.1
Check: whether package can be installed
Result: WARN
    Found the following significant warnings:
     Warning: 'rgl_init' failed, running with rgl.useNULL = TRUE
Flavor: r-release-osx-x86_64