CRAN Package Check Results for Package CorDiff

Last updated on 2020-06-01 13:49:31 CEST.

Flavor Version Tinstall Tcheck Ttotal Status Flags
r-devel-linux-x86_64-debian-clang 1.0 1.90 19.01 20.91 OK
r-devel-linux-x86_64-debian-gcc 1.0 1.48 14.98 16.46 OK
r-devel-linux-x86_64-fedora-clang 1.0 33.98 NOTE
r-devel-linux-x86_64-fedora-gcc 1.0 24.78 NOTE
r-devel-windows-ix86+x86_64 1.0 6.00 42.00 48.00 OK
r-patched-linux-x86_64 1.0 2.02 19.00 21.02 OK
r-patched-solaris-x86 1.0 38.90 NOTE
r-release-linux-x86_64 1.0 2.09 18.76 20.85 OK
r-release-osx-x86_64 1.0 NOTE
r-release-windows-ix86+x86_64 1.0 5.00 29.00 34.00 OK
r-oldrel-osx-x86_64 1.0 NOTE
r-oldrel-windows-ix86+x86_64 1.0 4.00 40.00 44.00 OK

Check Details

Version: 1.0
Check: dependencies in R code
Result: NOTE
    Namespace in Imports field not imported from: ‘mcc’
     All declared Imports should be used.
Flavors: r-devel-linux-x86_64-fedora-clang, r-devel-linux-x86_64-fedora-gcc, r-patched-solaris-x86, r-release-osx-x86_64, r-oldrel-osx-x86_64