CRAN Package Check Results for Package CosW

Last updated on 2023-03-23 02:49:39 CET.

Flavor Version Tinstall Tcheck Ttotal Status Flags
r-devel-linux-x86_64-debian-clang 0.1 2.32 22.80 25.12 NOTE
r-devel-linux-x86_64-debian-gcc 0.1 1.48 18.20 19.68 NOTE
r-devel-linux-x86_64-fedora-clang 0.1 33.76 NOTE
r-devel-linux-x86_64-fedora-gcc 0.1 30.29 NOTE
r-devel-windows-x86_64 0.1 11.00 56.00 67.00 NOTE
r-patched-linux-x86_64 0.1 2.11 23.64 25.75 NOTE
r-release-linux-x86_64 0.1 1.77 23.54 25.31 NOTE
r-release-macos-arm64 0.1 16.00 NOTE
r-release-macos-x86_64 0.1 20.00 NOTE
r-release-windows-x86_64 0.1 11.00 56.00 67.00 NOTE
r-oldrel-macos-arm64 0.1 20.00 NOTE
r-oldrel-macos-x86_64 0.1 29.00 NOTE
r-oldrel-windows-ix86+x86_64 0.1 6.00 49.00 55.00 NOTE

Check Details

Version: 0.1
Check: LazyData
Result: NOTE
     'LazyData' is specified without a 'data' directory
Flavors: r-devel-linux-x86_64-debian-clang, r-devel-linux-x86_64-debian-gcc, r-devel-linux-x86_64-fedora-clang, r-devel-linux-x86_64-fedora-gcc, r-devel-windows-x86_64, r-patched-linux-x86_64, r-release-linux-x86_64, r-release-macos-arm64, r-release-macos-x86_64, r-release-windows-x86_64, r-oldrel-macos-arm64, r-oldrel-macos-x86_64, r-oldrel-windows-ix86+x86_64