CRAN Package Check Results for Package Countr

Last updated on 2022-08-12 03:53:24 CEST.

Flavor Version Tinstall Tcheck Ttotal Status Flags
r-devel-linux-x86_64-debian-clang 3.5.5 150.89 184.36 335.25 OK
r-devel-linux-x86_64-debian-gcc 3.5.5 126.49 138.74 265.23 OK
r-devel-linux-x86_64-fedora-clang 3.5.5 470.27 NOTE
r-devel-linux-x86_64-fedora-gcc 3.5.5 446.17 OK
r-devel-windows-x86_64 3.5.5 140.00 266.00 406.00 OK
r-patched-linux-x86_64 3.5.5 137.54 170.51 308.05 OK
r-release-linux-x86_64 3.5.5 132.73 173.17 305.90 OK
r-release-macos-arm64 3.5.5 113.00 NOTE
r-release-macos-x86_64 3.5.5 186.00 NOTE
r-release-windows-x86_64 3.5.5 148.00 271.00 419.00 OK
r-oldrel-macos-arm64 3.5.5 129.00 NOTE
r-oldrel-macos-x86_64 3.5.5 195.00 NOTE
r-oldrel-windows-ix86+x86_64 3.5.5 372.00 273.00 645.00 NOTE

Check Details

Version: 3.5.5
Check: installed package size
Result: NOTE
     installed size is 7.2Mb
     sub-directories of 1Mb or more:
     doc 2.0Mb
     libs 4.2Mb
Flavors: r-devel-linux-x86_64-fedora-clang, r-release-macos-arm64, r-release-macos-x86_64, r-oldrel-macos-arm64, r-oldrel-macos-x86_64, r-oldrel-windows-ix86+x86_64