CRAN Package Check Results for Package D3partitionR

Last updated on 2019-08-21 23:51:24 CEST.

Flavor Version Tinstall Tcheck Ttotal Status Flags
r-devel-linux-x86_64-debian-clang 0.5.0 4.03 29.03 33.06 OK
r-devel-linux-x86_64-debian-gcc 0.5.0 3.15 22.31 25.46 OK
r-devel-linux-x86_64-fedora-clang 0.5.0 39.45 NOTE
r-devel-linux-x86_64-fedora-gcc 0.5.0 37.08 NOTE
r-devel-windows-ix86+x86_64 0.5.0 12.00 59.00 71.00 OK
r-patched-linux-x86_64 0.5.0 3.81 27.33 31.14 OK
r-patched-solaris-x86 0.5.0 58.80 NOTE
r-release-linux-x86_64 0.5.0 3.92 27.46 31.38 OK
r-release-windows-ix86+x86_64 0.5.0 10.00 63.00 73.00 OK
r-release-osx-x86_64 0.5.0 NOTE
r-oldrel-windows-ix86+x86_64 0.5.0 7.00 57.00 64.00 OK
r-oldrel-osx-x86_64 0.5.0 NOTE

Check Details

Version: 0.5.0
Check: dependencies in R code
Result: NOTE
    Namespace in Imports field not imported from: ‘titanic’
     All declared Imports should be used.
Flavors: r-devel-linux-x86_64-fedora-clang, r-devel-linux-x86_64-fedora-gcc, r-patched-solaris-x86, r-release-osx-x86_64, r-oldrel-osx-x86_64

Version: 0.5.0
Check: installed package size
Result: NOTE
     installed size is 5.2Mb
     sub-directories of 1Mb or more:
     img 4.7Mb
Flavor: r-patched-solaris-x86