CRAN Package Check Results for Package D3partitionR

Last updated on 2019-12-12 03:49:34 CET.

Flavor Version Tinstall Tcheck Ttotal Status Flags
r-devel-linux-x86_64-debian-clang 0.5.0 4.13 30.66 34.79 OK
r-devel-linux-x86_64-debian-gcc 0.5.0 3.45 23.45 26.90 OK
r-devel-linux-x86_64-fedora-clang 0.5.0 42.71 NOTE
r-devel-linux-x86_64-fedora-gcc 0.5.0 39.91 NOTE
r-devel-windows-ix86+x86_64 0.5.0 10.00 41.00 51.00 OK
r-devel-windows-ix86+x86_64-gcc8 0.5.0 9.00 62.00 71.00 OK
r-patched-linux-x86_64 0.5.0 3.88 27.93 31.81 OK
r-patched-solaris-x86 0.5.0 58.30 NOTE
r-release-linux-x86_64 0.5.0 3.72 27.93 31.65 OK
r-release-windows-ix86+x86_64 0.5.0 8.00 44.00 52.00 OK
r-release-osx-x86_64 0.5.0 NOTE
r-oldrel-windows-ix86+x86_64 0.5.0 6.00 40.00 46.00 OK
r-oldrel-osx-x86_64 0.5.0 NOTE

Check Details

Version: 0.5.0
Check: dependencies in R code
Result: NOTE
    Namespace in Imports field not imported from: ‘titanic’
     All declared Imports should be used.
Flavors: r-devel-linux-x86_64-fedora-clang, r-devel-linux-x86_64-fedora-gcc, r-patched-solaris-x86, r-release-osx-x86_64, r-oldrel-osx-x86_64

Version: 0.5.0
Check: installed package size
Result: NOTE
     installed size is 5.2Mb
     sub-directories of 1Mb or more:
     img 4.7Mb
Flavor: r-patched-solaris-x86